{"id":9647,"date":"2020-12-11T10:41:48","date_gmt":"2020-12-11T13:41:48","guid":{"rendered":"https:\/\/museomoderno.org\/exposiciones\/una-llamarada-pertinaz-la-intrepida-marcha-de-la-coleccion-del-moderno\/"},"modified":"2024-09-13T14:20:43","modified_gmt":"2024-09-13T17:20:43","slug":"the-unrelenting-flame-the-intrepid-march-of-the-collection-of-the-museo-de-arte-moderno-de-buenos-aires","status":"publish","type":"exposiciones","link":"https:\/\/museomoderno.org\/en\/exhibitions\/the-unrelenting-flame-the-intrepid-march-of-the-collection-of-the-museo-de-arte-moderno-de-buenos-aires\/","title":{"rendered":"The Unrelenting Flame: The Intrepid March of the Collection of the Museo de Arte Moderno de Buenos Aires"},"content":{"rendered":"\t\t<div data-elementor-type=\"wp-post\" data-elementor-id=\"9647\" class=\"elementor elementor-9647 elementor-1128\" data-elementor-post-type=\"exposiciones\">\n\t\t\t\t\t\t<section class=\"elementor-section elementor-top-section elementor-element elementor-element-5de52704 elementor-section-boxed elementor-section-height-default elementor-section-height-default\" data-id=\"5de52704\" data-element_type=\"section\" data-e-type=\"section\">\n\t\t\t\t\t\t<div class=\"elementor-container elementor-column-gap-default\">\n\t\t\t\t\t<div class=\"elementor-column elementor-col-100 elementor-top-column elementor-element elementor-element-63c4dc65\" data-id=\"63c4dc65\" data-element_type=\"column\" data-e-type=\"column\">\n\t\t\t<div class=\"elementor-widget-wrap elementor-element-populated\">\n\t\t\t\t\t\t<div class=\"elementor-element elementor-element-1d1ea40f elementor-widget elementor-widget-text-editor\" data-id=\"1d1ea40f\" data-element_type=\"widget\" data-e-type=\"widget\" data-widget_type=\"text-editor.default\">\n\t\t\t\t<div class=\"elementor-widget-container\">\n\t\t\t\t\t\t\t\t\t<p><span style=\"color: #000000;\">62 years after the foundation of the\u00a0<em>Museo de Arte Moderno<\/em>, this exhibition celebrates the history of its legacy and the Museum itself. With 300 works of art by more than 100 artists,\u00a0<em>The Unrelenting Flame<\/em>\u00a0presents important compilations of works brought together over the many years thanks to the tenacity, labor and conviction of the directors, collaborators, organizations, artists and friends who are committed to building a home for the various contemporary artistic manifestations that are being developed in the city and in the nation. All of them were guided by a single desire: to recognize new developments and take a bold risk on constructing an avant-garde public institution in constant transformation, always allied with the artistic community in each one of its eras.<\/span><\/p><p><span style=\"color: #000000;\">Squirru (1956-1962) as well as his successors Hugo Parpagnoli (1963-1971) and Guillermo Whitelow (1971-1974 and 1977-1983) persisted in giving the Moderno a collection of the highest quality works that represented the spirit of their time and managed to make the first acquisitions of works by Kenneth Kemble, Alberto Greco, Raquel Forner, Noem\u00ed Gerstein, Martha Boto, Mar\u00eda Martorell, Jorge de la Vega and Aldo Paparella, among other great artists. Also, the Museum received generous donations that have shaped and made possible this collection, among which we must mention those undertaken by the Fondo Nacional de las Artes; the Ignacio Pirovano Collection; the artist Alberto Heredia, in 2000; the family of Le\u00f3n Ferrari in 2014, and most recently that of Marta Minuj\u00edn in 2015.<\/span><\/p><p><span style=\"color: #000000;\"><strong>The works that are presented in this gallery also have another history to tell: that of this building, which was once the Nobleza Piccardo tobacco company.\u00a0<\/strong>The architectural services were donated, in 1989, by the architect Santiago S\u00e1nchez El\u00eda, Mar\u00eda Luisa Bemberg and the Miembros Constructores, and in 1997, by the architect Emilio Ambasz during the directorship of Laura Buccellato (1997-2013), when the Museo considerably increased its space. Most recently, during 2017 and 2018, the Museo was the object of a final great reform directed by the architects Carlos Sallaberry and Mat\u00edas Ragonese that marked a change of scale for the Moderno, doubling the exhibition space area, and opening new spaces integrated in a new circulation.<\/span><\/p><p><span style=\"color: #000000;\">During these last years, the Moderno continues its interpid march. Together with the aforementioned donations, the Museum has reactivated \u2013 after 40 years \u2013 its historic program of acquisitions that allows it to be current and relevant. Hence, this exhibition narrates the history as much as the present of a museum that never rests, that was born to push the limits of art and go in search of permanent movement and transformation.<\/span><\/p><p><span style=\"color: #000000;\"><strong>For this occasion, the Moderno will exhibit the following Argentinean artists:<\/strong> Juli\u00e1n Althabe, Carolina Antoniadis, Carmelo Arden Quin, L\u00edbero Badii, Elba Bairon, Ernesto Ballesteros, Leo Battistelli, Luis F. Benedit, Gala Berger, Antonio Berni, Mart\u00edn Blaszko ,Sof\u00eda Bohtlingk, Martha Boto, Fabi\u00e1n Burgos, Ricardo Carpani, Juan Carlos Castagnino, Luis Centuri\u00f3n, Elda Cerrato, V\u00edctor Chab, Horacio Coppola, Victor Magari\u00f1os D., Flavia Da Rin, Marina de Caro, Jorge De la Vega, Ernesto Deira, Juan Del Prete, Alfio Demestre, Germaine Derbecq, Mirtha Dermisache, Noem\u00ed Di Benedetto, Juana, Elena Diz, Casimiro Domingo, Lucio Door, Diana Dowek, Bruno Dubner, Tom\u00e1s Espina, Le\u00f3n Ferrari, Claudia Fontes, Raquel Forner, Ana Gallardo, Ricardo Garabito, Noem\u00ed Gerstein, Edgardo Gim\u00e9nez, M\u00f3nica Gir\u00f3n, Alberto Goldenstein, Norberto G\u00f3mez, Sebasti\u00e1n Gord\u00edn, Alberto Greco, Juan Grela, Graciela Hasper, Anne Marie Heinrich, Alberto Heredia, Alfredo Hlito, Enio Iommi, Guillermo Iuso, Fabio Kacero, Kenneth Kemble, Guillermo Kuitca, Alejandro Kuropatwa, Fernanda Laguna, Pablo Lapadula, Julio Le Parc, Mart\u00edn Leg\u00f3n, Luis Lindner, Alfredo Londaibere, Ra\u00fal Lozza, Jorge Macchi, R\u00f3mulo Macci\u00f3, Eduardo MacEntyre, Jorge Gumier Maier, Sameer Makarius, Tom\u00e1s Maldonado, Pablo Curatella Manes, Liliana Maresca, Mar\u00eda Martorell, Juan Mel\u00e9, Marta Minuj\u00edn, Eduardo Navarro, Luis Felipe No\u00e9, Aldo Paparella, Dignora Pastorello, Ariadna Pastorini, C\u00e9sar Paternosto, Marta Peluffo, Emilio Pettoruti, Duilio Pierri, Sol Pipkin, Rogelio Polesello, Marcelo Pombo, Liliana Porter, Alfredo Prior, Mario Pucciarelli, Federico Manuel Peralta Ramos, Emilio Renart, Carlota Reyna, Kasuya Sakai, Juan Manuel S\u00e1nchez, Rub\u00e9n Santanton\u00edn, Cristina Schiavi, Omar Schiliro, Antonio Segu\u00ed, Luis Seoane, Aldo Sessa, Antonio Sibellino, Carlos Silva, Pablo Siquier, Xul Solar, Hern\u00e1n Soriano, Grete Stern, Eduardo Stup\u00eda, Pablo Su\u00e1rez, Luis Ter\u00e1n, Clorindo Testa, Silvia Torr\u00e1s, Nicol\u00e1s Garc\u00eda Uriburu, Gregorio Vard\u00e1nega, Miguel \u00c1ngel Vidal, Edgardo Antonio Vigo, Sesostris Vitullo, Luis Wells, Os\u00edas Yanov, Yente, Horacio Zabala.<\/span><\/p><p class=\"text-align-center\"><span style=\"color: #000000;\"><strong>Fundaci\u00f3n Banco Ciudad Argentina is this exhibition&#8217;s official sponsor.<\/strong><\/span><\/p>\t\t\t\t\t\t\t\t<\/div>\n\t\t\t\t<\/div>\n\t\t\t\t<div class=\"elementor-element elementor-element-25e5d23 elementor-widget elementor-widget-text-editor\" data-id=\"25e5d23\" data-element_type=\"widget\" data-e-type=\"widget\" data-widget_type=\"text-editor.default\">\n\t\t\t\t<div class=\"elementor-widget-container\">\n\t\t\t\t\t\t\t\t\t<p><span style=\"color: #000000;\"><em>This exhibition is suppported by\u00a0<\/em><\/span><\/p>\t\t\t\t\t\t\t\t<\/div>\n\t\t\t\t<\/div>\n\t\t\t\t<div class=\"elementor-element elementor-element-b716438 elementor-widget elementor-widget-image\" data-id=\"b716438\" data-element_type=\"widget\" data-e-type=\"widget\" data-widget_type=\"image.default\">\n\t\t\t\t<div class=\"elementor-widget-container\">\n\t\t\t\t\t\t\t\t\t\t\t\t\t\t\t<img decoding=\"async\" width=\"200\" height=\"46\" src=\"https:\/\/museomoderno.org\/wp-content\/uploads\/2020\/12\/Logo-Mecenazgo-NUEVO.jpg\" class=\"attachment-large size-large wp-image-9611\" alt=\"\" \/>\t\t\t\t\t\t\t\t\t\t\t\t\t\t\t<\/div>\n\t\t\t\t<\/div>\n\t\t\t\t\t<\/div>\n\t\t<\/div>\n\t\t\t\t\t<\/div>\n\t\t<\/section>\n\t\t\t\t<\/div>\n\t\t","protected":false},"excerpt":{"rendered":"<p><b>Location:<\/b> First floor (Galleries C, E and F)<\/p>\n<p><b>Artists:<\/b> Juli\u00e1n Althabe, Carolina Antoniadis, Carmelo Arden Quin, L\u00edbero Badii, Elba Bairon, Ernesto Ballesteros, Leo Battistelli, Luis F. Benedit, Gala Berger, Antonio Berni, Mart\u00edn Blaszko ,Sof\u00eda Bohtlingk, Martha Boto, Fabi\u00e1n Burgos, Ricardo Carpani, Juan Carlos Castagnino, Luis Centuri\u00f3n, Elda Cerrato, V\u00edctor Chab, Horacio Coppola, Victor Magari\u00f1os D., Flavia Da Rin, Marina de Caro, Jorge De la Vega, Ernesto Deira, Juan Del Prete, Alfio Demestre, Germaine Derbecq, Mirtha Dermisache, Noem\u00ed Di Benedetto, Juana, Elena Diz, Casimiro Domingo, Lucio Door, Diana Dowek, Bruno Dubner, Tom\u00e1s Espina, Le\u00f3n Ferrari, Claudia Fontes, Raquel Forner, Ana Gallardo, Ricardo Garabito, Noem\u00ed Gerstein, Edgardo Gim\u00e9nez, M\u00f3nica Gir\u00f3n, Alberto Goldenstein, Norberto G\u00f3mez, Sebasti\u00e1n Gord\u00edn, Alberto Greco, Juan Grela, Graciela Hasper, Anne Marie Heinrich, Alberto Heredia, Alfredo Hlito, Enio Iommi, Guillermo Iuso, Fabio Kacero, Kenneth Kemble, Guillermo Kuitca, Alejandro Kuropatwa, Fernanda Laguna, Pablo Lapadula, Julio Le Parc, Mart\u00edn Leg\u00f3n, Luis Lindner, Alfredo Londaibere, Ra\u00fal Lozza, Jorge Macchi, R\u00f3mulo Macci\u00f3, Eduardo MacEntyre, Jorge Gumier Maier, Sameer Makarius, Tom\u00e1s Maldonado, Pablo Curatella Manes, Liliana Maresca, Mar\u00eda Martorell, Juan Mel\u00e9, Marta Minuj\u00edn, Eduardo Navarro, Luis Felipe No\u00e9, Aldo Paparella, Dignora Pastorello, Ariadna Pastorini, C\u00e9sar Paternosto, Marta Peluffo, Emilio Pettoruti, Duilio Pierri, Sol Pipkin, Rogelio Polesello, Marcelo Pombo, Liliana Porter, Alfredo Prior, Mario Pucciarelli, Federico Manuel Peralta Ramos, Emilio Renart, Carlota Reyna, Kasuya Sakai, Juan Manuel S\u00e1nchez, Rub\u00e9n Santanton\u00edn, Cristina Schiavi, Omar Schiliro, Antonio Segu\u00ed, Luis Seoane, Aldo Sessa, Antonio Sibellino, Carlos Silva, Pablo Siquier, Xul Solar, Hern\u00e1n Soriano, Grete Stern, Eduardo Stup\u00eda, Pablo Su\u00e1rez, Luis Ter\u00e1n, Clorindo Testa, Silvia Torr\u00e1s, Nicol\u00e1s Garc\u00eda Uriburu, Gregorio Vard\u00e1nega, Miguel \u00c1ngel Vidal, Edgardo Antonio Vigo, Sesostris Vitullo, Luis Wells, Os\u00edas Yanov, Yente, Horacio Zabala<\/p>\n","protected":false},"featured_media":9648,"template":"","class_list":["post-9647","exposiciones","type-exposiciones","status-publish","has-post-thumbnail","hentry"],"_links":{"self":[{"href":"https:\/\/museomoderno.org\/en\/wp-json\/wp\/v2\/exposiciones\/9647","targetHints":{"allow":["GET"]}}],"collection":[{"href":"https:\/\/museomoderno.org\/en\/wp-json\/wp\/v2\/exposiciones"}],"about":[{"href":"https:\/\/museomoderno.org\/en\/wp-json\/wp\/v2\/types\/exposiciones"}],"version-history":[{"count":2,"href":"https:\/\/museomoderno.org\/en\/wp-json\/wp\/v2\/exposiciones\/9647\/revisions"}],"predecessor-version":[{"id":46721,"href":"https:\/\/museomoderno.org\/en\/wp-json\/wp\/v2\/exposiciones\/9647\/revisions\/46721"}],"wp:featuredmedia":[{"embeddable":true,"href":"https:\/\/museomoderno.org\/en\/wp-json\/wp\/v2\/media\/9648"}],"wp:attachment":[{"href":"https:\/\/museomoderno.org\/en\/wp-json\/wp\/v2\/media?parent=9647"}],"curies":[{"name":"wp","href":"https:\/\/api.w.org\/{rel}","templated":true}]}}

<div data-elementor-type="wp-post" data-elementor-id="9647" class="elementor elementor-9647 elementor-1128" data-elementor-post-type="exposiciones">
						<section class="elementor-section elementor-top-section elementor-element elementor-element-5de52704 elementor-section-boxed elementor-section-height-default elementor-section-height-default" data-id="5de52704" data-element_type="section" data-e-type="section">
						<div class="elementor-container elementor-column-gap-default">
					<div class="elementor-column elementor-col-100 elementor-top-column elementor-element elementor-element-63c4dc65" data-id="63c4dc65" data-element_type="column" data-e-type="column">
			<div class="elementor-widget-wrap elementor-element-populated">
						<div class="elementor-element elementor-element-1d1ea40f elementor-widget elementor-widget-text-editor" data-id="1d1ea40f" data-element_type="widget" data-e-type="widget" data-widget_type="text-editor.default">
				<div class="elementor-widget-container">
									<p><span style="color: #000000;">62 years after the foundation of the <em>Museo de Arte Moderno</em>, this exhibition celebrates the history of its legacy and the Museum itself. With 300 works of art by more than 100 artists, <em>The Unrelenting Flame</em> presents important compilations of works brought together over the many years thanks to the tenacity, labor and conviction of the directors, collaborators, organizations, artists and friends who are committed to building a home for the various contemporary artistic manifestations that are being developed in the city and in the nation. All of them were guided by a single desire: to recognize new developments and take a bold risk on constructing an avant-garde public institution in constant transformation, always allied with the artistic community in each one of its eras.</span></p><p><span style="color: #000000;">Squirru (1956-1962) as well as his successors Hugo Parpagnoli (1963-1971) and Guillermo Whitelow (1971-1974 and 1977-1983) persisted in giving the Moderno a collection of the highest quality works that represented the spirit of their time and managed to make the first acquisitions of works by Kenneth Kemble, Alberto Greco, Raquel Forner, Noemí Gerstein, Martha Boto, María Martorell, Jorge de la Vega and Aldo Paparella, among other great artists. Also, the Museum received generous donations that have shaped and made possible this collection, among which we must mention those undertaken by the Fondo Nacional de las Artes; the Ignacio Pirovano Collection; the artist Alberto Heredia, in 2000; the family of León Ferrari in 2014, and most recently that of Marta Minujín in 2015.</span></p><p><span style="color: #000000;"><strong>The works that are presented in this gallery also have another history to tell: that of this building, which was once the Nobleza Piccardo tobacco company. </strong>The architectural services were donated, in 1989, by the architect Santiago Sánchez Elía, María Luisa Bemberg and the Miembros Constructores, and in 1997, by the architect Emilio Ambasz during the directorship of Laura Buccellato (1997-2013), when the Museo considerably increased its space. Most recently, during 2017 and 2018, the Museo was the object of a final great reform directed by the architects Carlos Sallaberry and Matías Ragonese that marked a change of scale for the Moderno, doubling the exhibition space area, and opening new spaces integrated in a new circulation.</span></p><p><span style="color: #000000;">During these last years, the Moderno continues its interpid march. Together with the aforementioned donations, the Museum has reactivated – after 40 years – its historic program of acquisitions that allows it to be current and relevant. Hence, this exhibition narrates the history as much as the present of a museum that never rests, that was born to push the limits of art and go in search of permanent movement and transformation.</span></p><p><span style="color: #000000;"><strong>For this occasion, the Moderno will exhibit the following Argentinean artists:</strong> Julián Althabe, Carolina Antoniadis, Carmelo Arden Quin, Líbero Badii, Elba Bairon, Ernesto Ballesteros, Leo Battistelli, Luis F. Benedit, Gala Berger, Antonio Berni, Martín Blaszko ,Sofía Bohtlingk, Martha Boto, Fabián Burgos, Ricardo Carpani, Juan Carlos Castagnino, Luis Centurión, Elda Cerrato, Víctor Chab, Horacio Coppola, Victor Magariños D., Flavia Da Rin, Marina de Caro, Jorge De la Vega, Ernesto Deira, Juan Del Prete, Alfio Demestre, Germaine Derbecq, Mirtha Dermisache, Noemí Di Benedetto, Juana, Elena Diz, Casimiro Domingo, Lucio Door, Diana Dowek, Bruno Dubner, Tomás Espina, León Ferrari, Claudia Fontes, Raquel Forner, Ana Gallardo, Ricardo Garabito, Noemí Gerstein, Edgardo Giménez, Mónica Girón, Alberto Goldenstein, Norberto Gómez, Sebastián Gordín, Alberto Greco, Juan Grela, Graciela Hasper, Anne Marie Heinrich, Alberto Heredia, Alfredo Hlito, Enio Iommi, Guillermo Iuso, Fabio Kacero, Kenneth Kemble, Guillermo Kuitca, Alejandro Kuropatwa, Fernanda Laguna, Pablo Lapadula, Julio Le Parc, Martín Legón, Luis Lindner, Alfredo Londaibere, Raúl Lozza, Jorge Macchi, Rómulo Macció, Eduardo MacEntyre, Jorge Gumier Maier, Sameer Makarius, Tomás Maldonado, Pablo Curatella Manes, Liliana Maresca, María Martorell, Juan Melé, Marta Minujín, Eduardo Navarro, Luis Felipe Noé, Aldo Paparella, Dignora Pastorello, Ariadna Pastorini, César Paternosto, Marta Peluffo, Emilio Pettoruti, Duilio Pierri, Sol Pipkin, Rogelio Polesello, Marcelo Pombo, Liliana Porter, Alfredo Prior, Mario Pucciarelli, Federico Manuel Peralta Ramos, Emilio Renart, Carlota Reyna, Kasuya Sakai, Juan Manuel Sánchez, Rubén Santantonín, Cristina Schiavi, Omar Schiliro, Antonio Seguí, Luis Seoane, Aldo Sessa, Antonio Sibellino, Carlos Silva, Pablo Siquier, Xul Solar, Hernán Soriano, Grete Stern, Eduardo Stupía, Pablo Suárez, Luis Terán, Clorindo Testa, Silvia Torrás, Nicolás García Uriburu, Gregorio Vardánega, Miguel Ángel Vidal, Edgardo Antonio Vigo, Sesostris Vitullo, Luis Wells, Osías Yanov, Yente, Horacio Zabala.</span></p><p class="text-align-center"><span style="color: #000000;"><strong>Fundación Banco Ciudad Argentina is this exhibition&#8217;s official sponsor.</strong></span></p>								</div>
				</div>
				<div class="elementor-element elementor-element-25e5d23 elementor-widget elementor-widget-text-editor" data-id="25e5d23" data-element_type="widget" data-e-type="widget" data-widget_type="text-editor.default">
				<div class="elementor-widget-container">
									<p><span style="color: #000000;"><em>This exhibition is suppported by </em></span></p>								</div>
				</div>
				<div class="elementor-element elementor-element-b716438 elementor-widget elementor-widget-image" data-id="b716438" data-element_type="widget" data-e-type="widget" data-widget_type="image.default">
				<div class="elementor-widget-container">
															<img decoding="async" width="200" height="46" src="https://museomoderno.org/wp-content/uploads/2020/12/Logo-Mecenazgo-NUEVO.jpg" class="attachment-large size-large wp-image-9611" alt="" />															</div>
				</div>
					</div>
		</div>
					</div>
		</section>
				</div>

<p><b>Location:</b> First floor (Galleries C, E and F)</p>
<p><b>Artists:</b> Julián Althabe, Carolina Antoniadis, Carmelo Arden Quin, Líbero Badii, Elba Bairon, Ernesto Ballesteros, Leo Battistelli, Luis F. Benedit, Gala Berger, Antonio Berni, Martín Blaszko ,Sofía Bohtlingk, Martha Boto, Fabián Burgos, Ricardo Carpani, Juan Carlos Castagnino, Luis Centurión, Elda Cerrato, Víctor Chab, Horacio Coppola, Victor Magariños D., Flavia Da Rin, Marina de Caro, Jorge De la Vega, Ernesto Deira, Juan Del Prete, Alfio Demestre, Germaine Derbecq, Mirtha Dermisache, Noemí Di Benedetto, Juana, Elena Diz, Casimiro Domingo, Lucio Door, Diana Dowek, Bruno Dubner, Tomás Espina, León Ferrari, Claudia Fontes, Raquel Forner, Ana Gallardo, Ricardo Garabito, Noemí Gerstein, Edgardo Giménez, Mónica Girón, Alberto Goldenstein, Norberto Gómez, Sebastián Gordín, Alberto Greco, Juan Grela, Graciela Hasper, Anne Marie Heinrich, Alberto Heredia, Alfredo Hlito, Enio Iommi, Guillermo Iuso, Fabio Kacero, Kenneth Kemble, Guillermo Kuitca, Alejandro Kuropatwa, Fernanda Laguna, Pablo Lapadula, Julio Le Parc, Martín Legón, Luis Lindner, Alfredo Londaibere, Raúl Lozza, Jorge Macchi, Rómulo Macció, Eduardo MacEntyre, Jorge Gumier Maier, Sameer Makarius, Tomás Maldonado, Pablo Curatella Manes, Liliana Maresca, María Martorell, Juan Melé, Marta Minujín, Eduardo Navarro, Luis Felipe Noé, Aldo Paparella, Dignora Pastorello, Ariadna Pastorini, César Paternosto, Marta Peluffo, Emilio Pettoruti, Duilio Pierri, Sol Pipkin, Rogelio Polesello, Marcelo Pombo, Liliana Porter, Alfredo Prior, Mario Pucciarelli, Federico Manuel Peralta Ramos, Emilio Renart, Carlota Reyna, Kasuya Sakai, Juan Manuel Sánchez, Rubén Santantonín, Cristina Schiavi, Omar Schiliro, Antonio Seguí, Luis Seoane, Aldo Sessa, Antonio Sibellino, Carlos Silva, Pablo Siquier, Xul Solar, Hernán Soriano, Grete Stern, Eduardo Stupía, Pablo Suárez, Luis Terán, Clorindo Testa, Silvia Torrás, Nicolás García Uriburu, Gregorio Vardánega, Miguel Ángel Vidal, Edgardo Antonio Vigo, Sesostris Vitullo, Luis Wells, Osías Yanov, Yente, Horacio Zabala</p>
