{"id":9557,"date":"2020-12-10T11:43:35","date_gmt":"2020-12-10T14:43:35","guid":{"rendered":"https:\/\/museomoderno.org\/exposiciones\/nicolas-mastracchio%e2%81%93-pulso\/"},"modified":"2024-09-13T14:17:43","modified_gmt":"2024-09-13T17:17:43","slug":"nicolas-mastracchio%e2%81%93-pulso","status":"publish","type":"exposiciones","link":"https:\/\/museomoderno.org\/en\/exhibitions\/nicolas-mastracchio%e2%81%93-pulso\/","title":{"rendered":"Nicol\u00e1s Mastracchio\u2053: Pulse"},"content":{"rendered":"\n<figure class=\"wp-block-embed is-type-video is-provider-vimeo\"><div class=\"wp-block-embed__wrapper\">\n<iframe title=\"Nicol&amp;aacute;s Mastracchio\u2053 Pulso\" src=\"https:\/\/player.vimeo.com\/video\/303367775?dnt=1&amp;app_id=122963\" width=\"800\" height=\"450\" frameborder=\"0\" allow=\"autoplay; fullscreen\" allowfullscreen><\/iframe>\n<\/div><\/figure>\n\n\n\n<p>With\u00a0<em>Pulso\u00a0<\/em>[Pulse], Nicol\u00e1s Mastracchio\u2053 has made an installation that helps the audience to sink their feet into the ground and form a bodily connection with the space around them while his artworks float freely from the ceiling.\u00a0<strong>The un-framed photographs that hang in the air intermingle with very fragile mobiles: a synthetic feather fastened with coloured wire, a dry leaf hanging from a reel. Small objects such as shells, a mother of pearl pebble and threads are framed with nets or folded cards that spin gently in the breeze. The photographs are a moment of synthesis in the exhibition: two-dimensional planes that condense the three-dimensional context of the mobiles.\u00a0<\/strong>The photographic images don\u2019t explore something outside of themselves to conquer a third dimension; they instead concentrate the aesthetic, spatial and material relationships around them. The video, in contrast, captures the rhythm of the experience with its constant flow and especially the sound piece that accompanies it, which floods over the other pieces, keeping a beat to guide the viewer\u2019s immersion process. The artworks thus make it possible to see the energy contained in a contemporary image: how it is formed by an accumulation of physical sensations, contexts and relationships between bodies and images.<\/p>\n\n\n\n<p>Although the artist is continuing with previous experimentation in which he imitated the virtual space of digital imagery without using post-production tools such as Photoshop, here he shares a physical experience with the viewer. In <em>Pulso<\/em>, Mastracchio seeks to slow down one\u2019s perception through a connection with all the senses: a fragile, subtle, transitory and thus denser connection. The project was influenced by Zen principles that the artist has been putting into practice for a couple of years, particularly through meditation. He works with the idea of nature as seen in photographs and the concepts of movement and transformation that are central to those principles. He sets out to explore the spontaneous, ephemeral configurations contained within a small cosmos of objects that were quickly organized and then photographed. These were then combined with the moving mobiles that are being presented at this exhibition for the first time.<\/p>\n\n\n\n<p><em><strong>Nicol\u00e1s Mastracchio~<\/strong> was born in Buenos Aires in 1983. He has attended art clinics run by Ernesto Ballesteros (2005), Leopoldo Estol (2006) and M\u00f3nica Giron (2008), took part in the Artists Programme run by the Universidad Torcuato Di Tella in 2009, and was selected for the Beca Kuitca \/ UTDT, 2010-11. He has received several prizes and grants, including the Premio Est\u00edmulo del Museo Castagnino, Rosario, 2011; the Beca del Fondo Nacional de las Artes 2012 and a grant to take part in the Skowhegan School of Painting and Sculpture, Maine, USA in 2012. In 2013 he won the Premio Lucio Fontana for a residency in Turin, Italy and a grant from Yaddo Artist\u2019s Residency, Saratoga, NY in 2016. He spent twelve months in Mexico City thanks to an AMEXCID grant for a creative artist\u2019s residency. In 2017 he took part in the Headlands Center for the Arts grant, AIR, Sausalito, CA. His work has been exhibited at different public and private institutions in Argentina and overseas such as the Museo de Arte Moderno de Buenos Aires, 2012; the Centro Cultural Recoleta in 2007 and 2015; the Biblioteca Nacional de Espa\u00f1a, Madrid, 2017; Galer\u00eda Pilar, Sao Paulo, 2013; the Museo de Arte Contempor\u00e1neo de Buenos Aires, 2015, 2018-19, and the MALBA, 2012. His artwork is part of collections at the Fundaci\u00f3n Cisneros, Colecci\u00f3n Patricia Phelps de Cisneros; MALBA \u2013 Fundaci\u00f3n Costantini, Museo de Arte Moderno de Buenos Aires and the Museo de Arte Contempor\u00e1neo de Buenos Aires.<\/em><\/p>\n\n\n\n<figure class=\"wp-block-gallery columns-3 is-cropped wp-block-gallery-1 is-layout-flex wp-block-gallery-is-layout-flex\"><ul class=\"blocks-gallery-grid\"><li class=\"blocks-gallery-item\"><figure><a href=\"https:\/\/museomoderno.org\/wp-content\/uploads\/2020\/12\/IMG_6543-scaled.jpg\"><img fetchpriority=\"high\" decoding=\"async\" width=\"1024\" height=\"683\" src=\"https:\/\/museomoderno.org\/wp-content\/uploads\/2020\/12\/IMG_6543-1024x683.jpg\" alt=\"\" data-id=\"697\" data-full-url=\"https:\/\/museomoderno.org\/wp-content\/uploads\/2020\/12\/IMG_6543-scaled.jpg\" data-link=\"https:\/\/museomoderno.org\/?attachment_id=697\" class=\"wp-image-697\" srcset=\"https:\/\/museomoderno.org\/wp-content\/uploads\/2020\/12\/IMG_6543-1024x683.jpg 1024w, https:\/\/museomoderno.org\/wp-content\/uploads\/2020\/12\/IMG_6543-300x200.jpg 300w, https:\/\/museomoderno.org\/wp-content\/uploads\/2020\/12\/IMG_6543-768x512.jpg 768w, https:\/\/museomoderno.org\/wp-content\/uploads\/2020\/12\/IMG_6543-1536x1024.jpg 1536w, https:\/\/museomoderno.org\/wp-content\/uploads\/2020\/12\/IMG_6543-2048x1365.jpg 2048w\" sizes=\"(max-width: 1024px) 100vw, 1024px\" \/><\/a><\/figure><\/li><li class=\"blocks-gallery-item\"><figure><a href=\"https:\/\/museomoderno.org\/wp-content\/uploads\/2020\/12\/IMG_6552-scaled.jpg\"><img decoding=\"async\" width=\"1024\" height=\"683\" src=\"https:\/\/museomoderno.org\/wp-content\/uploads\/2020\/12\/IMG_6552-1024x683.jpg\" alt=\"\" data-id=\"698\" data-full-url=\"https:\/\/museomoderno.org\/wp-content\/uploads\/2020\/12\/IMG_6552-scaled.jpg\" data-link=\"https:\/\/museomoderno.org\/?attachment_id=698\" class=\"wp-image-698\" srcset=\"https:\/\/museomoderno.org\/wp-content\/uploads\/2020\/12\/IMG_6552-1024x683.jpg 1024w, https:\/\/museomoderno.org\/wp-content\/uploads\/2020\/12\/IMG_6552-300x200.jpg 300w, https:\/\/museomoderno.org\/wp-content\/uploads\/2020\/12\/IMG_6552-768x512.jpg 768w, https:\/\/museomoderno.org\/wp-content\/uploads\/2020\/12\/IMG_6552-1536x1024.jpg 1536w, https:\/\/museomoderno.org\/wp-content\/uploads\/2020\/12\/IMG_6552-2048x1365.jpg 2048w\" sizes=\"(max-width: 1024px) 100vw, 1024px\" \/><\/a><\/figure><\/li><li class=\"blocks-gallery-item\"><figure><a href=\"https:\/\/museomoderno.org\/wp-content\/uploads\/2020\/12\/IMG_6556-scaled.jpg\"><img decoding=\"async\" width=\"1024\" height=\"683\" src=\"https:\/\/museomoderno.org\/wp-content\/uploads\/2020\/12\/IMG_6556-1024x683.jpg\" alt=\"\" data-id=\"699\" data-full-url=\"https:\/\/museomoderno.org\/wp-content\/uploads\/2020\/12\/IMG_6556-scaled.jpg\" data-link=\"https:\/\/museomoderno.org\/?attachment_id=699\" class=\"wp-image-699\" srcset=\"https:\/\/museomoderno.org\/wp-content\/uploads\/2020\/12\/IMG_6556-1024x683.jpg 1024w, https:\/\/museomoderno.org\/wp-content\/uploads\/2020\/12\/IMG_6556-300x200.jpg 300w, https:\/\/museomoderno.org\/wp-content\/uploads\/2020\/12\/IMG_6556-768x512.jpg 768w, https:\/\/museomoderno.org\/wp-content\/uploads\/2020\/12\/IMG_6556-1536x1024.jpg 1536w, https:\/\/museomoderno.org\/wp-content\/uploads\/2020\/12\/IMG_6556-2048x1365.jpg 2048w\" sizes=\"(max-width: 1024px) 100vw, 1024px\" \/><\/a><\/figure><\/li><\/ul><\/figure>\n","protected":false},"excerpt":{"rendered":"<p><b>Location:<\/b> First floor (Gallery D)<\/p>\n","protected":false},"featured_media":9559,"template":"","class_list":["post-9557","exposiciones","type-exposiciones","status-publish","has-post-thumbnail","hentry"],"_links":{"self":[{"href":"https:\/\/museomoderno.org\/en\/wp-json\/wp\/v2\/exposiciones\/9557","targetHints":{"allow":["GET"]}}],"collection":[{"href":"https:\/\/museomoderno.org\/en\/wp-json\/wp\/v2\/exposiciones"}],"about":[{"href":"https:\/\/museomoderno.org\/en\/wp-json\/wp\/v2\/types\/exposiciones"}],"version-history":[{"count":2,"href":"https:\/\/museomoderno.org\/en\/wp-json\/wp\/v2\/exposiciones\/9557\/revisions"}],"predecessor-version":[{"id":46720,"href":"https:\/\/museomoderno.org\/en\/wp-json\/wp\/v2\/exposiciones\/9557\/revisions\/46720"}],"wp:featuredmedia":[{"embeddable":true,"href":"https:\/\/museomoderno.org\/en\/wp-json\/wp\/v2\/media\/9559"}],"wp:attachment":[{"href":"https:\/\/museomoderno.org\/en\/wp-json\/wp\/v2\/media?parent=9557"}],"curies":[{"name":"wp","href":"https:\/\/api.w.org\/{rel}","templated":true}]}}

Nicolás Mastracchio⁓: Pulse

<figure class="wp-block-embed is-type-video is-provider-vimeo"><div class="wp-block-embed__wrapper">
<iframe title="Nicol&amp;aacute;s Mastracchio⁓ Pulso" src="https://player.vimeo.com/video/303367775?dnt=1&amp;app_id=122963" width="800" height="450" frameborder="0" allow="autoplay; fullscreen" allowfullscreen></iframe>
</div></figure>



<p>With <em>Pulso </em>[Pulse], Nicolás Mastracchio⁓ has made an installation that helps the audience to sink their feet into the ground and form a bodily connection with the space around them while his artworks float freely from the ceiling. <strong>The un-framed photographs that hang in the air intermingle with very fragile mobiles: a synthetic feather fastened with coloured wire, a dry leaf hanging from a reel. Small objects such as shells, a mother of pearl pebble and threads are framed with nets or folded cards that spin gently in the breeze. The photographs are a moment of synthesis in the exhibition: two-dimensional planes that condense the three-dimensional context of the mobiles. </strong>The photographic images don’t explore something outside of themselves to conquer a third dimension; they instead concentrate the aesthetic, spatial and material relationships around them. The video, in contrast, captures the rhythm of the experience with its constant flow and especially the sound piece that accompanies it, which floods over the other pieces, keeping a beat to guide the viewer’s immersion process. The artworks thus make it possible to see the energy contained in a contemporary image: how it is formed by an accumulation of physical sensations, contexts and relationships between bodies and images.</p>



<p>Although the artist is continuing with previous experimentation in which he imitated the virtual space of digital imagery without using post-production tools such as Photoshop, here he shares a physical experience with the viewer. In <em>Pulso</em>, Mastracchio seeks to slow down one’s perception through a connection with all the senses: a fragile, subtle, transitory and thus denser connection. The project was influenced by Zen principles that the artist has been putting into practice for a couple of years, particularly through meditation. He works with the idea of nature as seen in photographs and the concepts of movement and transformation that are central to those principles. He sets out to explore the spontaneous, ephemeral configurations contained within a small cosmos of objects that were quickly organized and then photographed. These were then combined with the moving mobiles that are being presented at this exhibition for the first time.</p>



<p><em><strong>Nicolás Mastracchio~</strong> was born in Buenos Aires in 1983. He has attended art clinics run by Ernesto Ballesteros (2005), Leopoldo Estol (2006) and Mónica Giron (2008), took part in the Artists Programme run by the Universidad Torcuato Di Tella in 2009, and was selected for the Beca Kuitca / UTDT, 2010-11. He has received several prizes and grants, including the Premio Estímulo del Museo Castagnino, Rosario, 2011; the Beca del Fondo Nacional de las Artes 2012 and a grant to take part in the Skowhegan School of Painting and Sculpture, Maine, USA in 2012. In 2013 he won the Premio Lucio Fontana for a residency in Turin, Italy and a grant from Yaddo Artist’s Residency, Saratoga, NY in 2016. He spent twelve months in Mexico City thanks to an AMEXCID grant for a creative artist’s residency. In 2017 he took part in the Headlands Center for the Arts grant, AIR, Sausalito, CA. His work has been exhibited at different public and private institutions in Argentina and overseas such as the Museo de Arte Moderno de Buenos Aires, 2012; the Centro Cultural Recoleta in 2007 and 2015; the Biblioteca Nacional de España, Madrid, 2017; Galería Pilar, Sao Paulo, 2013; the Museo de Arte Contemporáneo de Buenos Aires, 2015, 2018-19, and the MALBA, 2012. His artwork is part of collections at the Fundación Cisneros, Colección Patricia Phelps de Cisneros; MALBA – Fundación Costantini, Museo de Arte Moderno de Buenos Aires and the Museo de Arte Contemporáneo de Buenos Aires.</em></p>



<figure class="wp-block-gallery columns-3 is-cropped wp-block-gallery-1 is-layout-flex wp-block-gallery-is-layout-flex"><ul class="blocks-gallery-grid"><li class="blocks-gallery-item"><figure><a href="https://museomoderno.org/wp-content/uploads/2020/12/IMG_6543-scaled.jpg"><img fetchpriority="high" decoding="async" width="1024" height="683" src="https://museomoderno.org/wp-content/uploads/2020/12/IMG_6543-1024x683.jpg" alt="" data-id="697" data-full-url="https://museomoderno.org/wp-content/uploads/2020/12/IMG_6543-scaled.jpg" data-link="https://museomoderno.org/?attachment_id=697" class="wp-image-697" srcset="https://museomoderno.org/wp-content/uploads/2020/12/IMG_6543-1024x683.jpg 1024w, https://museomoderno.org/wp-content/uploads/2020/12/IMG_6543-300x200.jpg 300w, https://museomoderno.org/wp-content/uploads/2020/12/IMG_6543-768x512.jpg 768w, https://museomoderno.org/wp-content/uploads/2020/12/IMG_6543-1536x1024.jpg 1536w, https://museomoderno.org/wp-content/uploads/2020/12/IMG_6543-2048x1365.jpg 2048w" sizes="(max-width: 1024px) 100vw, 1024px" /></a></figure></li><li class="blocks-gallery-item"><figure><a href="https://museomoderno.org/wp-content/uploads/2020/12/IMG_6552-scaled.jpg"><img decoding="async" width="1024" height="683" src="https://museomoderno.org/wp-content/uploads/2020/12/IMG_6552-1024x683.jpg" alt="" data-id="698" data-full-url="https://museomoderno.org/wp-content/uploads/2020/12/IMG_6552-scaled.jpg" data-link="https://museomoderno.org/?attachment_id=698" class="wp-image-698" srcset="https://museomoderno.org/wp-content/uploads/2020/12/IMG_6552-1024x683.jpg 1024w, https://museomoderno.org/wp-content/uploads/2020/12/IMG_6552-300x200.jpg 300w, https://museomoderno.org/wp-content/uploads/2020/12/IMG_6552-768x512.jpg 768w, https://museomoderno.org/wp-content/uploads/2020/12/IMG_6552-1536x1024.jpg 1536w, https://museomoderno.org/wp-content/uploads/2020/12/IMG_6552-2048x1365.jpg 2048w" sizes="(max-width: 1024px) 100vw, 1024px" /></a></figure></li><li class="blocks-gallery-item"><figure><a href="https://museomoderno.org/wp-content/uploads/2020/12/IMG_6556-scaled.jpg"><img decoding="async" width="1024" height="683" src="https://museomoderno.org/wp-content/uploads/2020/12/IMG_6556-1024x683.jpg" alt="" data-id="699" data-full-url="https://museomoderno.org/wp-content/uploads/2020/12/IMG_6556-scaled.jpg" data-link="https://museomoderno.org/?attachment_id=699" class="wp-image-699" srcset="https://museomoderno.org/wp-content/uploads/2020/12/IMG_6556-1024x683.jpg 1024w, https://museomoderno.org/wp-content/uploads/2020/12/IMG_6556-300x200.jpg 300w, https://museomoderno.org/wp-content/uploads/2020/12/IMG_6556-768x512.jpg 768w, https://museomoderno.org/wp-content/uploads/2020/12/IMG_6556-1536x1024.jpg 1536w, https://museomoderno.org/wp-content/uploads/2020/12/IMG_6556-2048x1365.jpg 2048w" sizes="(max-width: 1024px) 100vw, 1024px" /></a></figure></li></ul></figure>
