{"id":9550,"date":"2020-12-10T12:39:53","date_gmt":"2020-12-10T15:39:53","guid":{"rendered":"https:\/\/museomoderno.org\/exposiciones\/historia-de-dos-mundos-piso-0\/"},"modified":"2024-09-13T14:43:31","modified_gmt":"2024-09-13T17:43:31","slug":"historia-de-dos-mundos-piso-0","status":"publish","type":"exposiciones","link":"https:\/\/museomoderno.org\/en\/exhibitions\/historia-de-dos-mundos-piso-0\/","title":{"rendered":"A Tale of Two Worlds: Ground floor"},"content":{"rendered":"\n<h5 class=\"wp-block-heading\"><strong>DISTANT WORLDS<br>LATIN AMERICAN UTOPIAS IN POST-WAR EUROPE<\/strong><\/h5>\n\n\n\n<p>From 1944 onwards, Concrete artists in Buenos Aires and Montevideo sought to move beyond European abstract art by \u2018inventing\u2019 a new kind of object that interacted more fluidly with the real world rather than just representing it. Paintings with cut-out frames \u2013 precursors to shaped canvases \u2013 introduced a new relationship with the space around the artwork while articulated sculptures added the dimensions of time and movement.<br>By the mid-1940s, Latin America was a territory of experimentation for the concrete artists of Buenos Aires, Montevideo, Sao Paulo, Rio de Janeiro and Caracas The utopian ideas of the concrete movement in Latin America, which were echoed by different trends in architecture and the Valpara\u00edso School in Chile, all of which are featured in this exhibition \u2013 began to spread through local intellectual circles during the Second World War when Latin American artists found their traditional path to Europe blocked and spread to Europe in the post-war period.<br>In 1954, Ivan Serpa founded the Grupo Frente along with Lygia Clark, H\u00e9lio Oiticica, Lygia Pape and other artists who sought to bring about the gradual disintegration of painting in space so as to free up the line and colour and create a new visual order. In 1959, the group was re-founded as a neo-Concrete movement that sought to develop an art that transcended the space of the painting and incorporated the body and subjectivity.<br>Presenting a counterpoint to the Argentinian and Brazilian movements, these galleries feature works by the American and German artists Morris Louis and Blinky Palermo, who sought the liberation of colour and experimentation with the surface of the painting.<\/p>\n\n\n\n<p><strong>Artists featured<\/strong>: Paul Alm\u00e1sy, Carmelo Arden Quin, Jo Baer, Juan Andr\u00e9s Bello y Carlos Ra\u00fal Villanueva, Mart\u00edn Blaszko, L\u00facio Costa, Geraldo de Barros, Augusto de Campos, Willys de Castro, Juan del Prete, Thomaz Farkas, Marcel Gautherot, Alfredo Hlito, Gyula Kosice, Morris Louis, Ra\u00fal Lozza, Tom\u00e1s Maldonado, Juan Mel\u00e9, Oscar Niemeyer, H\u00e9lio Oiticica, Blinky Palermo, Lygia Pape, Lidy Prati, Albert Georg Riethausen, Rhod Rothfuss, Grete Stern, Amancio Williams, Yente (Eugenia Crenovich)<\/p>\n\n\n\n<h5 class=\"wp-block-heading\"><strong>STRATEGIES OF DESTRUCTION IN EUROPE AND LATIN AMERICA<\/strong><\/h5>\n\n\n\n<p>In the 1960s, the destruction of art, both as representation and the actual act, was explored by artists from across the world. It was a way of addressing the extreme violence of the decade \u2013 as exemplified by the threat of the atomic bomb, the war in Vietnam and Latin American dictatorships, among others \u2013 but also a means of emphasizing the value of art as a liberating, creative force. The Italo-Argentinian artist Lucio Fontana anticipated these approaches in 1949 with work that explored the dichotomy between the violent gesture that breaks with traditional forms of modernist representation and that which creates a new artistic dimension.<\/p>\n\n\n\n<p><strong>Artists featured<\/strong>: Francis Bacon, John Chamberlain, Exposici\u00f3n Arte Destructivo (Enrique Barilari, Kenneth Kemble, Jorge L\u00f3pez Anaya, Jorge Roiger, Antonio Segu\u00ed, Silvia Torras y Luis Wells), Alberto Heredia, On Kawara, Kenneth Kemble, Manolo Millares, Marta Minuj\u00edn, Luis Felipe No\u00e9, Aldo Paparella, Emilio Renart, Rub\u00e9n Santanton\u00edn<\/p>\n\n\n\n<h5 class=\"wp-block-heading\"><strong>A BRIDGE BETWEEN TWO WORLDS<br>LUCIO FONTANA BEGINS THE DEBATE BETWEEN LATIN AMERICA AND EUROPE<\/strong><\/h5>\n\n\n\n<p>The revolutionary ideas put forward by the Concrete Movement in the 40s in Argentina led to heated debate. The Argentine-born artist Lucio Fontana spent the first years of his career in Europe before returning to Argentina in 1940. Between 1940 and 1947 he came into contact with the rioplatense Concrete artists.<br>Within a month of his return to Europe in 1947, Fontana published his Primo manifesto dello spazialismo (First Manifesto of Spatialism) while his legendary buchi [holes] and tagli [slashes] moved beyond traditional brushstrokes to explore fundamental concepts such as the role of the artist as a visible and conceptual part of his work, the dichotomy between destruction and the opening of new dimensions and the tension between the space of representation and real space.<\/p>\n\n\n\n<p><strong>Artists featured<\/strong>: Lucio Fontana, Kenneth Kemble, David Lamelas, Fred Sandback<\/p>\n\n\n\n<p><em>This exhibition is suppported by&nbsp;<\/em><\/p>\n\n\n\n<figure class=\"wp-block-image size-large is-style-default\"><img decoding=\"async\" width=\"200\" height=\"46\" src=\"https:\/\/museomoderno.org\/wp-content\/uploads\/2020\/12\/Logo-Mecenazgo-NUEVO.jpg\" alt=\"\" class=\"wp-image-471\"\/><\/figure>\n\n\n\n<figure class=\"wp-block-gallery columns-4 is-cropped wp-block-gallery-1 is-layout-flex wp-block-gallery-is-layout-flex\"><ul class=\"blocks-gallery-grid\"><li class=\"blocks-gallery-item\"><figure><a href=\"https:\/\/museomoderno.org\/wp-content\/uploads\/2020\/12\/7-Palermo.jpg\"><img fetchpriority=\"high\" decoding=\"async\" width=\"1024\" height=\"737\" src=\"https:\/\/museomoderno.org\/wp-content\/uploads\/2020\/12\/7-Palermo-1024x737.jpg\" alt=\"\" data-id=\"714\" data-full-url=\"https:\/\/museomoderno.org\/wp-content\/uploads\/2020\/12\/7-Palermo.jpg\" data-link=\"https:\/\/museomoderno.org\/?attachment_id=714\" class=\"wp-image-714\" srcset=\"https:\/\/museomoderno.org\/wp-content\/uploads\/2020\/12\/7-Palermo-1024x737.jpg 1024w, https:\/\/museomoderno.org\/wp-content\/uploads\/2020\/12\/7-Palermo-300x216.jpg 300w, https:\/\/museomoderno.org\/wp-content\/uploads\/2020\/12\/7-Palermo-768x553.jpg 768w, https:\/\/museomoderno.org\/wp-content\/uploads\/2020\/12\/7-Palermo-1536x1105.jpg 1536w, https:\/\/museomoderno.org\/wp-content\/uploads\/2020\/12\/7-Palermo.jpg 1847w\" sizes=\"(max-width: 1024px) 100vw, 1024px\" \/><\/a><\/figure><\/li><li class=\"blocks-gallery-item\"><figure><a href=\"https:\/\/museomoderno.org\/wp-content\/uploads\/2020\/12\/9-Bacon_Nude_1960.jpg\"><img decoding=\"async\" width=\"844\" height=\"1024\" src=\"https:\/\/museomoderno.org\/wp-content\/uploads\/2020\/12\/9-Bacon_Nude_1960-844x1024.jpg\" alt=\"\" data-id=\"715\" data-full-url=\"https:\/\/museomoderno.org\/wp-content\/uploads\/2020\/12\/9-Bacon_Nude_1960.jpg\" data-link=\"https:\/\/museomoderno.org\/?attachment_id=715\" class=\"wp-image-715\" srcset=\"https:\/\/museomoderno.org\/wp-content\/uploads\/2020\/12\/9-Bacon_Nude_1960-844x1024.jpg 844w, https:\/\/museomoderno.org\/wp-content\/uploads\/2020\/12\/9-Bacon_Nude_1960-247x300.jpg 247w, https:\/\/museomoderno.org\/wp-content\/uploads\/2020\/12\/9-Bacon_Nude_1960-768x932.jpg 768w, https:\/\/museomoderno.org\/wp-content\/uploads\/2020\/12\/9-Bacon_Nude_1960.jpg 900w\" sizes=\"(max-width: 844px) 100vw, 844px\" \/><\/a><\/figure><\/li><li class=\"blocks-gallery-item\"><figure><a href=\"https:\/\/museomoderno.org\/wp-content\/uploads\/2020\/12\/15-Millares-Animal-de-Fondo-foto-Viviana-Gil.jpg\"><img loading=\"lazy\" decoding=\"async\" width=\"1024\" height=\"683\" src=\"https:\/\/museomoderno.org\/wp-content\/uploads\/2020\/12\/15-Millares-Animal-de-Fondo-foto-Viviana-Gil-1024x683.jpg\" alt=\"\" data-id=\"716\" data-full-url=\"https:\/\/museomoderno.org\/wp-content\/uploads\/2020\/12\/15-Millares-Animal-de-Fondo-foto-Viviana-Gil.jpg\" data-link=\"https:\/\/museomoderno.org\/?attachment_id=716\" class=\"wp-image-716\" srcset=\"https:\/\/museomoderno.org\/wp-content\/uploads\/2020\/12\/15-Millares-Animal-de-Fondo-foto-Viviana-Gil-1024x683.jpg 1024w, https:\/\/museomoderno.org\/wp-content\/uploads\/2020\/12\/15-Millares-Animal-de-Fondo-foto-Viviana-Gil-300x200.jpg 300w, https:\/\/museomoderno.org\/wp-content\/uploads\/2020\/12\/15-Millares-Animal-de-Fondo-foto-Viviana-Gil-768x512.jpg 768w, https:\/\/museomoderno.org\/wp-content\/uploads\/2020\/12\/15-Millares-Animal-de-Fondo-foto-Viviana-Gil-1536x1024.jpg 1536w, https:\/\/museomoderno.org\/wp-content\/uploads\/2020\/12\/15-Millares-Animal-de-Fondo-foto-Viviana-Gil.jpg 1824w\" sizes=\"(max-width: 1024px) 100vw, 1024px\" \/><\/a><\/figure><\/li><li class=\"blocks-gallery-item\"><figure><a href=\"https:\/\/museomoderno.org\/wp-content\/uploads\/2020\/12\/16-santantonin_la-mordaza_1961.jpg\"><img loading=\"lazy\" decoding=\"async\" width=\"681\" height=\"1024\" src=\"https:\/\/museomoderno.org\/wp-content\/uploads\/2020\/12\/16-santantonin_la-mordaza_1961-681x1024.jpg\" alt=\"\" data-id=\"717\" data-full-url=\"https:\/\/museomoderno.org\/wp-content\/uploads\/2020\/12\/16-santantonin_la-mordaza_1961.jpg\" data-link=\"https:\/\/museomoderno.org\/?attachment_id=717\" class=\"wp-image-717\" srcset=\"https:\/\/museomoderno.org\/wp-content\/uploads\/2020\/12\/16-santantonin_la-mordaza_1961-681x1024.jpg 681w, https:\/\/museomoderno.org\/wp-content\/uploads\/2020\/12\/16-santantonin_la-mordaza_1961-200x300.jpg 200w, https:\/\/museomoderno.org\/wp-content\/uploads\/2020\/12\/16-santantonin_la-mordaza_1961-768x1155.jpg 768w, https:\/\/museomoderno.org\/wp-content\/uploads\/2020\/12\/16-santantonin_la-mordaza_1961-1022x1536.jpg 1022w, https:\/\/museomoderno.org\/wp-content\/uploads\/2020\/12\/16-santantonin_la-mordaza_1961.jpg 1100w\" sizes=\"(max-width: 681px) 100vw, 681px\" \/><\/a><\/figure><\/li><\/ul><\/figure>\n\n\n\n<p><\/p>\n","protected":false},"excerpt":{"rendered":"<p><b>Location:<\/b> Ground floor (Galleries A and B)<\/p>\n<p><b>Artists:<\/b> Paul Alm\u00e1sy, Carmelo Arden Quin, Jo Baer, Juan Andr\u00e9s Bello y Carlos Ra\u00fal Villanueva, Mart\u00edn Blaszko, L\u00facio Costa, Geraldo de Barros, Augusto de Campos, Willys de Castro, Juan del Prete, Thomaz Farkas, Marcel Gautherot, Alfredo Hlito, Gyula Kosice, Morris Louis, Ra\u00fal Lozza, Tom\u00e1s Maldonado, Juan Mel\u00e9, Oscar Niemeyer, H\u00e9lio Oiticica, Blinky Palermo, Lygia Pape, Lidy Prati, Albert Georg Riethausen, Rhod Rothfuss, Grete Stern, Amancio Williams, Yente<\/p>\n","protected":false},"featured_media":9551,"template":"","class_list":["post-9550","exposiciones","type-exposiciones","status-publish","has-post-thumbnail","hentry"],"_links":{"self":[{"href":"https:\/\/museomoderno.org\/en\/wp-json\/wp\/v2\/exposiciones\/9550","targetHints":{"allow":["GET"]}}],"collection":[{"href":"https:\/\/museomoderno.org\/en\/wp-json\/wp\/v2\/exposiciones"}],"about":[{"href":"https:\/\/museomoderno.org\/en\/wp-json\/wp\/v2\/types\/exposiciones"}],"version-history":[{"count":2,"href":"https:\/\/museomoderno.org\/en\/wp-json\/wp\/v2\/exposiciones\/9550\/revisions"}],"predecessor-version":[{"id":46728,"href":"https:\/\/museomoderno.org\/en\/wp-json\/wp\/v2\/exposiciones\/9550\/revisions\/46728"}],"wp:featuredmedia":[{"embeddable":true,"href":"https:\/\/museomoderno.org\/en\/wp-json\/wp\/v2\/media\/9551"}],"wp:attachment":[{"href":"https:\/\/museomoderno.org\/en\/wp-json\/wp\/v2\/media?parent=9550"}],"curies":[{"name":"wp","href":"https:\/\/api.w.org\/{rel}","templated":true}]}}

<h5 class="wp-block-heading"><strong>DISTANT WORLDS<br>LATIN AMERICAN UTOPIAS IN POST-WAR EUROPE</strong></h5>



<p>From 1944 onwards, Concrete artists in Buenos Aires and Montevideo sought to move beyond European abstract art by ‘inventing’ a new kind of object that interacted more fluidly with the real world rather than just representing it. Paintings with cut-out frames – precursors to shaped canvases – introduced a new relationship with the space around the artwork while articulated sculptures added the dimensions of time and movement.<br>By the mid-1940s, Latin America was a territory of experimentation for the concrete artists of Buenos Aires, Montevideo, Sao Paulo, Rio de Janeiro and Caracas The utopian ideas of the concrete movement in Latin America, which were echoed by different trends in architecture and the Valparaíso School in Chile, all of which are featured in this exhibition – began to spread through local intellectual circles during the Second World War when Latin American artists found their traditional path to Europe blocked and spread to Europe in the post-war period.<br>In 1954, Ivan Serpa founded the Grupo Frente along with Lygia Clark, Hélio Oiticica, Lygia Pape and other artists who sought to bring about the gradual disintegration of painting in space so as to free up the line and colour and create a new visual order. In 1959, the group was re-founded as a neo-Concrete movement that sought to develop an art that transcended the space of the painting and incorporated the body and subjectivity.<br>Presenting a counterpoint to the Argentinian and Brazilian movements, these galleries feature works by the American and German artists Morris Louis and Blinky Palermo, who sought the liberation of colour and experimentation with the surface of the painting.</p>



<p><strong>Artists featured</strong>: Paul Almásy, Carmelo Arden Quin, Jo Baer, Juan Andrés Bello y Carlos Raúl Villanueva, Martín Blaszko, Lúcio Costa, Geraldo de Barros, Augusto de Campos, Willys de Castro, Juan del Prete, Thomaz Farkas, Marcel Gautherot, Alfredo Hlito, Gyula Kosice, Morris Louis, Raúl Lozza, Tomás Maldonado, Juan Melé, Oscar Niemeyer, Hélio Oiticica, Blinky Palermo, Lygia Pape, Lidy Prati, Albert Georg Riethausen, Rhod Rothfuss, Grete Stern, Amancio Williams, Yente (Eugenia Crenovich)</p>



<h5 class="wp-block-heading"><strong>STRATEGIES OF DESTRUCTION IN EUROPE AND LATIN AMERICA</strong></h5>



<p>In the 1960s, the destruction of art, both as representation and the actual act, was explored by artists from across the world. It was a way of addressing the extreme violence of the decade – as exemplified by the threat of the atomic bomb, the war in Vietnam and Latin American dictatorships, among others – but also a means of emphasizing the value of art as a liberating, creative force. The Italo-Argentinian artist Lucio Fontana anticipated these approaches in 1949 with work that explored the dichotomy between the violent gesture that breaks with traditional forms of modernist representation and that which creates a new artistic dimension.</p>



<p><strong>Artists featured</strong>: Francis Bacon, John Chamberlain, Exposición Arte Destructivo (Enrique Barilari, Kenneth Kemble, Jorge López Anaya, Jorge Roiger, Antonio Seguí, Silvia Torras y Luis Wells), Alberto Heredia, On Kawara, Kenneth Kemble, Manolo Millares, Marta Minujín, Luis Felipe Noé, Aldo Paparella, Emilio Renart, Rubén Santantonín</p>



<h5 class="wp-block-heading"><strong>A BRIDGE BETWEEN TWO WORLDS<br>LUCIO FONTANA BEGINS THE DEBATE BETWEEN LATIN AMERICA AND EUROPE</strong></h5>



<p>The revolutionary ideas put forward by the Concrete Movement in the 40s in Argentina led to heated debate. The Argentine-born artist Lucio Fontana spent the first years of his career in Europe before returning to Argentina in 1940. Between 1940 and 1947 he came into contact with the rioplatense Concrete artists.<br>Within a month of his return to Europe in 1947, Fontana published his Primo manifesto dello spazialismo (First Manifesto of Spatialism) while his legendary buchi [holes] and tagli [slashes] moved beyond traditional brushstrokes to explore fundamental concepts such as the role of the artist as a visible and conceptual part of his work, the dichotomy between destruction and the opening of new dimensions and the tension between the space of representation and real space.</p>



<p><strong>Artists featured</strong>: Lucio Fontana, Kenneth Kemble, David Lamelas, Fred Sandback</p>



<p><em>This exhibition is suppported by&nbsp;</em></p>



<figure class="wp-block-image size-large is-style-default"><img decoding="async" width="200" height="46" src="https://museomoderno.org/wp-content/uploads/2020/12/Logo-Mecenazgo-NUEVO.jpg" alt="" class="wp-image-471"/></figure>



<figure class="wp-block-gallery columns-4 is-cropped wp-block-gallery-1 is-layout-flex wp-block-gallery-is-layout-flex"><ul class="blocks-gallery-grid"><li class="blocks-gallery-item"><figure><a href="https://museomoderno.org/wp-content/uploads/2020/12/7-Palermo.jpg"><img fetchpriority="high" decoding="async" width="1024" height="737" src="https://museomoderno.org/wp-content/uploads/2020/12/7-Palermo-1024x737.jpg" alt="" data-id="714" data-full-url="https://museomoderno.org/wp-content/uploads/2020/12/7-Palermo.jpg" data-link="https://museomoderno.org/?attachment_id=714" class="wp-image-714" srcset="https://museomoderno.org/wp-content/uploads/2020/12/7-Palermo-1024x737.jpg 1024w, https://museomoderno.org/wp-content/uploads/2020/12/7-Palermo-300x216.jpg 300w, https://museomoderno.org/wp-content/uploads/2020/12/7-Palermo-768x553.jpg 768w, https://museomoderno.org/wp-content/uploads/2020/12/7-Palermo-1536x1105.jpg 1536w, https://museomoderno.org/wp-content/uploads/2020/12/7-Palermo.jpg 1847w" sizes="(max-width: 1024px) 100vw, 1024px" /></a></figure></li><li class="blocks-gallery-item"><figure><a href="https://museomoderno.org/wp-content/uploads/2020/12/9-Bacon_Nude_1960.jpg"><img decoding="async" width="844" height="1024" src="https://museomoderno.org/wp-content/uploads/2020/12/9-Bacon_Nude_1960-844x1024.jpg" alt="" data-id="715" data-full-url="https://museomoderno.org/wp-content/uploads/2020/12/9-Bacon_Nude_1960.jpg" data-link="https://museomoderno.org/?attachment_id=715" class="wp-image-715" srcset="https://museomoderno.org/wp-content/uploads/2020/12/9-Bacon_Nude_1960-844x1024.jpg 844w, https://museomoderno.org/wp-content/uploads/2020/12/9-Bacon_Nude_1960-247x300.jpg 247w, https://museomoderno.org/wp-content/uploads/2020/12/9-Bacon_Nude_1960-768x932.jpg 768w, https://museomoderno.org/wp-content/uploads/2020/12/9-Bacon_Nude_1960.jpg 900w" sizes="(max-width: 844px) 100vw, 844px" /></a></figure></li><li class="blocks-gallery-item"><figure><a href="https://museomoderno.org/wp-content/uploads/2020/12/15-Millares-Animal-de-Fondo-foto-Viviana-Gil.jpg"><img loading="lazy" decoding="async" width="1024" height="683" src="https://museomoderno.org/wp-content/uploads/2020/12/15-Millares-Animal-de-Fondo-foto-Viviana-Gil-1024x683.jpg" alt="" data-id="716" data-full-url="https://museomoderno.org/wp-content/uploads/2020/12/15-Millares-Animal-de-Fondo-foto-Viviana-Gil.jpg" data-link="https://museomoderno.org/?attachment_id=716" class="wp-image-716" srcset="https://museomoderno.org/wp-content/uploads/2020/12/15-Millares-Animal-de-Fondo-foto-Viviana-Gil-1024x683.jpg 1024w, https://museomoderno.org/wp-content/uploads/2020/12/15-Millares-Animal-de-Fondo-foto-Viviana-Gil-300x200.jpg 300w, https://museomoderno.org/wp-content/uploads/2020/12/15-Millares-Animal-de-Fondo-foto-Viviana-Gil-768x512.jpg 768w, https://museomoderno.org/wp-content/uploads/2020/12/15-Millares-Animal-de-Fondo-foto-Viviana-Gil-1536x1024.jpg 1536w, https://museomoderno.org/wp-content/uploads/2020/12/15-Millares-Animal-de-Fondo-foto-Viviana-Gil.jpg 1824w" sizes="(max-width: 1024px) 100vw, 1024px" /></a></figure></li><li class="blocks-gallery-item"><figure><a href="https://museomoderno.org/wp-content/uploads/2020/12/16-santantonin_la-mordaza_1961.jpg"><img loading="lazy" decoding="async" width="681" height="1024" src="https://museomoderno.org/wp-content/uploads/2020/12/16-santantonin_la-mordaza_1961-681x1024.jpg" alt="" data-id="717" data-full-url="https://museomoderno.org/wp-content/uploads/2020/12/16-santantonin_la-mordaza_1961.jpg" data-link="https://museomoderno.org/?attachment_id=717" class="wp-image-717" srcset="https://museomoderno.org/wp-content/uploads/2020/12/16-santantonin_la-mordaza_1961-681x1024.jpg 681w, https://museomoderno.org/wp-content/uploads/2020/12/16-santantonin_la-mordaza_1961-200x300.jpg 200w, https://museomoderno.org/wp-content/uploads/2020/12/16-santantonin_la-mordaza_1961-768x1155.jpg 768w, https://museomoderno.org/wp-content/uploads/2020/12/16-santantonin_la-mordaza_1961-1022x1536.jpg 1022w, https://museomoderno.org/wp-content/uploads/2020/12/16-santantonin_la-mordaza_1961.jpg 1100w" sizes="(max-width: 681px) 100vw, 681px" /></a></figure></li></ul></figure>



<p></p>

<p><b>Location:</b> Ground floor (Galleries A and B)</p>
<p><b>Artists:</b> Paul Almásy, Carmelo Arden Quin, Jo Baer, Juan Andrés Bello y Carlos Raúl Villanueva, Martín Blaszko, Lúcio Costa, Geraldo de Barros, Augusto de Campos, Willys de Castro, Juan del Prete, Thomaz Farkas, Marcel Gautherot, Alfredo Hlito, Gyula Kosice, Morris Louis, Raúl Lozza, Tomás Maldonado, Juan Melé, Oscar Niemeyer, Hélio Oiticica, Blinky Palermo, Lygia Pape, Lidy Prati, Albert Georg Riethausen, Rhod Rothfuss, Grete Stern, Amancio Williams, Yente</p>
