{"id":9543,"date":"2020-12-10T12:44:13","date_gmt":"2020-12-10T15:44:13","guid":{"rendered":"https:\/\/museomoderno.org\/exposiciones\/historia-de-dos-mundos\/"},"modified":"2024-09-13T16:20:59","modified_gmt":"2024-09-13T19:20:59","slug":"historia-de-dos-mundos","status":"publish","type":"exposiciones","link":"https:\/\/museomoderno.org\/en\/exhibitions\/historia-de-dos-mundos\/","title":{"rendered":"A Tale of Two Worlds"},"content":{"rendered":"\n<figure class=\"wp-block-embed is-type-video is-provider-vimeo wp-block-embed-vimeo\"><div class=\"wp-block-embed__wrapper\">\n<iframe title=\"Historia de dos mundos\" src=\"https:\/\/player.vimeo.com\/video\/279875288?dnt=1&amp;app_id=122963\" width=\"800\" height=\"450\" frameborder=\"0\" allow=\"autoplay; fullscreen; picture-in-picture; clipboard-write\"><\/iframe>\n<\/div><\/figure>\n\n\n\n<p><br><em>A Tale of Two Worlds<\/em> features more than 500 artworks by 100 artists across 16 differently themed sections taking up all four floors of the Moderno.<\/p>\n\n\n\n<p>In <em>A Tale of Two Worlds<\/em>, there is no hierarchy of artistic movements, there are no \u2018contributions\u2019 or \u2018additions\u2019, there are just two powerful artistic currents: European and North American art and Latin American art. Over time, they have flowed in parallel, come together and been at cross-purposes. They have forged autonomous identities and approaches to their different contexts and they have also grown inter-dependent, producing dialogues, collaborations, controversy and mutual rejection. In this new vision of history, Latin American art does not complete or complement the canon, neither is it merely there to provide a contrast, it is an equal brother in a relationship \u2013 both fraternal and competitive \u2013 of global, diverse, combative, and democratic art.<\/p>\n\n\n\n<p>This exhibition sets out to establish a dialogue between canonical works of European and North American art from 1942 to 1986 from the collection of the Museum f\u00fcr Moderne Kunst (MMK) and the history of experimental Latin American art from 1944 \u2013 the year when Concrete art movements first emerged in Argentina \u2013 to the end of the military dictatorships in the late 1980s. It was organized and curated by both the Museo de Arte Moderno and the MMK as part of the \u2018Global Museum\u2019 programme run by the Kulturstiftung des Bundes Foundation. <em>A Tale of Two Worlds<\/em> first opened in Frankfurt in November 2017 with a significant contribution from the Museo collection, breaking new ground for Latin American art: this is the first time that a European museum has allowed its collection to be examined by Latin American curators.<\/p>\n\n\n\n<p>The exhibition begins by exploring the major upheavals of the 1940s, which shook the foundations of Latin American art, unleashing a powerful wave of experimentation in numerous cities across the continent. Then it moves on to examine how artists regarded their role in society and the transformative potential of art in contexts that were often ravaged by political violence. <em>A Tale of Two World<\/em>s thus seeks to encourage discussion of how different artists react to their socio-political environments.<\/p>\n\n\n\n<p>Curated by Klaus G\u00f6rner, Victoria Noorthoorn and Javier Villa<\/p>\n\n\n\n<p><\/p>\n\n\n\n<p>This exhibition at the Moderno will feature artworks by the following artists: Adolfo Bernal, Albert Georg Riethausen, Alberto Greco, Alberto Heredia, Aldo Sessa, Alejandro Puente, Alfredo Hlito, Alighiero Boetti, Ana Mendieta, Andy Warhol, Anna Maria Maiolino, Antonio Caro, Antonio Vigo, Arman, Arte Destructivo, Artur Bispo de Ros\u00e1rio, Artur Barrio, Augusto de Campos, Barry Le va, Beatriz Gonz\u00e1lez, Ben Vautier, Blinky Palermo, Bruce Nauman, Carmelo Arden Quin, Charlotte Posenenske, Cildo Meireles, Claes Oldenburg, Cy Twombly, David Lamelas, Eduardo Gil, Edward Ruscha, Escuela de Valpara\u00edso, Flavio de Carvalho, Francis Bacon, Franz Erhard Walther, Franz Mon, Fred Sandback, Gego, Geraldo de Barros, Gerhard Richter, Gerry Schum, Grete Stern, Gyula Kosice, Heinz Kreutz, H\u00e9lio Oiticica, Hermann Goepffert, Jasper Johns, Jes\u00fas Ruiz Durand, John Chamberlain, Joseph Beuys, Juan del Prete, Juan Downey, Juan Mel\u00e9, Juan Andr\u00e9s Bello, Karl Otto G\u00f6tz, Kenneth Kemble, Kenneth Noland, Lenora de Barros, Le\u00f3n Ferrari, Leopoldo Maler, Lidy Prati, Liliana Maresca, Liliana Porter, Lothar Baumgarten, Lotty Rosenfeld, Lucio Fontana, Luis Camnitzer, Luis Felipe No\u00e9, Luis Pazos, Lygia Clark, Lygia Pape, Manuel Millares, Marcel Broodthaers, Marcel Duchamp, Marcel Gautherot, Margarita Paksa, Marta Minuj\u00edn, Martin Blaszko, Mathias Goeritz, Mira Schendel, Nicol\u00e1s Garc\u00eda Uriburu, On Kawara, Oscar Bony, Otto Greis, Pablo Su\u00e1rez, Paul Alm\u00e1sy, Peter Roehr, Piero Manzoni, Raul Lozza, Rhod Rothfuss, Ricardo Carreira, Roy Lichtenstein, Rub\u00e9n Santanton\u00edn, Teresa Burga, Thomas Bayrle, Thomas Farkas, Tom\u00e1s Maldonado, Ulises Carri\u00f3n, V\u00edctor Grippo, Walter De Maria, Willys De Castro, Yente and Yves Klein<\/p>\n\n\n\n<p><strong>BANCO CIUDAD FOUNDATION IS THE OFFICIAL SPONSOR OF THE HISTORY OF TWO WORLDS EXHIBITION.<\/strong><\/p>\n\n\n\n<p><em>This exhibition is suppported by&nbsp;<\/em><\/p>\n\n\n\n<figure class=\"wp-block-image size-large is-style-default\"><img decoding=\"async\" width=\"200\" height=\"46\" src=\"https:\/\/museomoderno.org\/wp-content\/uploads\/2020\/12\/Logo-Mecenazgo-NUEVO.jpg\" alt=\"\" class=\"wp-image-471\"\/><\/figure>\n\n\n\n<p><\/p>\n\n\n\n<figure class=\"wp-block-gallery columns-4 is-cropped wp-block-gallery-1 is-layout-flex wp-block-gallery-is-layout-flex\"><ul class=\"blocks-gallery-grid\"><li class=\"blocks-gallery-item\"><figure><a href=\"https:\/\/museomoderno.org\/wp-content\/uploads\/2020\/12\/10.-Meireles-1024x766.jpg\"><img fetchpriority=\"high\" decoding=\"async\" width=\"1024\" height=\"766\" src=\"https:\/\/museomoderno.org\/wp-content\/uploads\/2020\/12\/10.-Meireles-1024x766.jpg\" alt=\"\" data-id=\"720\" data-link=\"https:\/\/museomoderno.org\/?attachment_id=720\" class=\"wp-image-720\" srcset=\"https:\/\/museomoderno.org\/wp-content\/uploads\/2020\/12\/10.-Meireles-1024x766.jpg 1024w, https:\/\/museomoderno.org\/wp-content\/uploads\/2020\/12\/10.-Meireles-300x224.jpg 300w, https:\/\/museomoderno.org\/wp-content\/uploads\/2020\/12\/10.-Meireles-768x574.jpg 768w, https:\/\/museomoderno.org\/wp-content\/uploads\/2020\/12\/10.-Meireles.jpg 1458w\" sizes=\"(max-width: 1024px) 100vw, 1024px\" \/><\/a><\/figure><\/li><li class=\"blocks-gallery-item\"><figure><a href=\"https:\/\/museomoderno.org\/wp-content\/uploads\/2020\/12\/10-Noe_Imagen-Agonica-de-Dorrego_1961-1.jpg\"><img decoding=\"async\" width=\"768\" height=\"1024\" src=\"https:\/\/museomoderno.org\/wp-content\/uploads\/2020\/12\/10-Noe_Imagen-Agonica-de-Dorrego_1961-1-768x1024.jpg\" alt=\"\" data-id=\"724\" data-full-url=\"https:\/\/museomoderno.org\/wp-content\/uploads\/2020\/12\/10-Noe_Imagen-Agonica-de-Dorrego_1961-1.jpg\" data-link=\"https:\/\/museomoderno.org\/?attachment_id=724\" class=\"wp-image-724\" srcset=\"https:\/\/museomoderno.org\/wp-content\/uploads\/2020\/12\/10-Noe_Imagen-Agonica-de-Dorrego_1961-1-768x1024.jpg 768w, https:\/\/museomoderno.org\/wp-content\/uploads\/2020\/12\/10-Noe_Imagen-Agonica-de-Dorrego_1961-1-225x300.jpg 225w, https:\/\/museomoderno.org\/wp-content\/uploads\/2020\/12\/10-Noe_Imagen-Agonica-de-Dorrego_1961-1.jpg 883w\" sizes=\"(max-width: 768px) 100vw, 768px\" \/><\/a><\/figure><\/li><li class=\"blocks-gallery-item\"><figure><a href=\"https:\/\/museomoderno.org\/wp-content\/uploads\/2020\/12\/51-Uriburu-Beuys-1.jpg\"><img loading=\"lazy\" decoding=\"async\" width=\"768\" height=\"1024\" src=\"https:\/\/museomoderno.org\/wp-content\/uploads\/2020\/12\/51-Uriburu-Beuys-1-768x1024.jpg\" alt=\"\" data-id=\"725\" data-full-url=\"https:\/\/museomoderno.org\/wp-content\/uploads\/2020\/12\/51-Uriburu-Beuys-1.jpg\" data-link=\"https:\/\/museomoderno.org\/?attachment_id=725\" class=\"wp-image-725\" srcset=\"https:\/\/museomoderno.org\/wp-content\/uploads\/2020\/12\/51-Uriburu-Beuys-1-768x1024.jpg 768w, https:\/\/museomoderno.org\/wp-content\/uploads\/2020\/12\/51-Uriburu-Beuys-1-225x300.jpg 225w, https:\/\/museomoderno.org\/wp-content\/uploads\/2020\/12\/51-Uriburu-Beuys-1-1152x1536.jpg 1152w, https:\/\/museomoderno.org\/wp-content\/uploads\/2020\/12\/51-Uriburu-Beuys-1.jpg 1500w\" sizes=\"(max-width: 768px) 100vw, 768px\" \/><\/a><\/figure><\/li><li class=\"blocks-gallery-item\"><figure><a href=\"https:\/\/museomoderno.org\/wp-content\/uploads\/2020\/12\/66-Kemble_Gran-Pintura-Negra_1960-1.jpg\"><img loading=\"lazy\" decoding=\"async\" width=\"1024\" height=\"699\" src=\"https:\/\/museomoderno.org\/wp-content\/uploads\/2020\/12\/66-Kemble_Gran-Pintura-Negra_1960-1-1024x699.jpg\" alt=\"\" data-id=\"726\" data-full-url=\"https:\/\/museomoderno.org\/wp-content\/uploads\/2020\/12\/66-Kemble_Gran-Pintura-Negra_1960-1.jpg\" data-link=\"https:\/\/museomoderno.org\/?attachment_id=726\" class=\"wp-image-726\" srcset=\"https:\/\/museomoderno.org\/wp-content\/uploads\/2020\/12\/66-Kemble_Gran-Pintura-Negra_1960-1-1024x699.jpg 1024w, https:\/\/museomoderno.org\/wp-content\/uploads\/2020\/12\/66-Kemble_Gran-Pintura-Negra_1960-1-300x205.jpg 300w, https:\/\/museomoderno.org\/wp-content\/uploads\/2020\/12\/66-Kemble_Gran-Pintura-Negra_1960-1-768x524.jpg 768w, https:\/\/museomoderno.org\/wp-content\/uploads\/2020\/12\/66-Kemble_Gran-Pintura-Negra_1960-1.jpg 1500w\" sizes=\"(max-width: 1024px) 100vw, 1024px\" \/><\/a><\/figure><\/li><\/ul><\/figure>\n\n\n\n<p><\/p>\n","protected":false},"excerpt":{"rendered":"<p><b>Location:<\/b> All galleries<\/p>\n<p><b>Artists:<\/b> Adolfo Bernal, Albert Georg Riethausen, Alberto Greco, Alberto Heredia, Aldo Sessa, Alejandro Puente, Alfredo Hlito, Alighiero Boetti, Ana Mendieta, Andy Warhol, Anna Maria Maiolino, Antonio Caro, Antonio Vigo, Arman, Arte Destructivo, Artur Bispo de Ros\u00e1rio, Artur Barrio, Augusto de Campos, Barry Le va, Beatriz Gonz\u00e1lez, Ben Vautier, Blinky Palermo, Bruce Nauman, Carmelo Arden Quin, Charlotte Posenenske, Cildo Meireles, Claes Oldenburg, Cy Twombly, David Lamelas, Eduardo Gil, Edward Ruscha, Escuela de Valpara\u00edso, Flavio de Carvalho, Francis Bacon, Franz Erhard Walther, Franz Mon, Fred Sandback, Gego, Geraldo de Barros, Gerhard Richter, Gerry Schum, Grete Stern, Gyula Kosice, Heinz Kreutz, H\u00e9lio Oiticica, Hermann Goepffert, Jasper Johns, Jes\u00fas Ruiz Durand, John Chamberlain, Joseph Beuys, Juan del Prete, Juan Downey, Juan Mel\u00e9, Juan Andr\u00e9s Bello, Karl Otto G\u00f6tz, Kenneth Kemble, Kenneth Noland, Lenora de Barros, Le\u00f3n Ferrari, Leopoldo Maler, Lidy Prati, Liliana Maresca, Liliana Porter, Lothar Baumgarten, Lotty Rosenfeld, Lucio Fontana, Luis Camnitzer, Luis Felipe No\u00e9, Luis Pazos, Lygia Clark, Lygia Pape, Manuel Millares, Marcel Broodthaers, Marcel Duchamp, Marcel Gautherot, Margarita Paksa, Marta Minuj\u00edn, Martin Blaszko, Mathias Goeritz, Mira Schendel, Nicol\u00e1s Garc\u00eda Uriburu, On Kawara, Oscar Bony, Otto Greis, Pablo Su\u00e1rez, Paul Alm\u00e1sy, Peter Roehr, Piero Manzoni, Raul Lozza, Rhod Rothfuss, Ricardo Carreira, Roy Lichtenstein, Rub\u00e9n Santanton\u00edn, Teresa Burga, Thomas Bayrle, Thomas Farkas, Tom\u00e1s Maldonado, Ulises Carri\u00f3n, V\u00edctor Grippo, Walter De Maria, Willys De Castro, Yente, Yves Klein<\/p>\n","protected":false},"featured_media":9544,"template":"","class_list":["post-9543","exposiciones","type-exposiciones","status-publish","has-post-thumbnail","hentry"],"_links":{"self":[{"href":"https:\/\/museomoderno.org\/en\/wp-json\/wp\/v2\/exposiciones\/9543","targetHints":{"allow":["GET"]}}],"collection":[{"href":"https:\/\/museomoderno.org\/en\/wp-json\/wp\/v2\/exposiciones"}],"about":[{"href":"https:\/\/museomoderno.org\/en\/wp-json\/wp\/v2\/types\/exposiciones"}],"version-history":[{"count":2,"href":"https:\/\/museomoderno.org\/en\/wp-json\/wp\/v2\/exposiciones\/9543\/revisions"}],"predecessor-version":[{"id":46813,"href":"https:\/\/museomoderno.org\/en\/wp-json\/wp\/v2\/exposiciones\/9543\/revisions\/46813"}],"wp:featuredmedia":[{"embeddable":true,"href":"https:\/\/museomoderno.org\/en\/wp-json\/wp\/v2\/media\/9544"}],"wp:attachment":[{"href":"https:\/\/museomoderno.org\/en\/wp-json\/wp\/v2\/media?parent=9543"}],"curies":[{"name":"wp","href":"https:\/\/api.w.org\/{rel}","templated":true}]}}

<figure class="wp-block-embed is-type-video is-provider-vimeo wp-block-embed-vimeo"><div class="wp-block-embed__wrapper">
<iframe title="Historia de dos mundos" src="https://player.vimeo.com/video/279875288?dnt=1&amp;app_id=122963" width="800" height="450" frameborder="0" allow="autoplay; fullscreen; picture-in-picture; clipboard-write"></iframe>
</div></figure>



<p><br><em>A Tale of Two Worlds</em> features more than 500 artworks by 100 artists across 16 differently themed sections taking up all four floors of the Moderno.</p>



<p>In <em>A Tale of Two Worlds</em>, there is no hierarchy of artistic movements, there are no ‘contributions’ or ‘additions’, there are just two powerful artistic currents: European and North American art and Latin American art. Over time, they have flowed in parallel, come together and been at cross-purposes. They have forged autonomous identities and approaches to their different contexts and they have also grown inter-dependent, producing dialogues, collaborations, controversy and mutual rejection. In this new vision of history, Latin American art does not complete or complement the canon, neither is it merely there to provide a contrast, it is an equal brother in a relationship – both fraternal and competitive – of global, diverse, combative, and democratic art.</p>



<p>This exhibition sets out to establish a dialogue between canonical works of European and North American art from 1942 to 1986 from the collection of the Museum für Moderne Kunst (MMK) and the history of experimental Latin American art from 1944 – the year when Concrete art movements first emerged in Argentina – to the end of the military dictatorships in the late 1980s. It was organized and curated by both the Museo de Arte Moderno and the MMK as part of the ‘Global Museum’ programme run by the Kulturstiftung des Bundes Foundation. <em>A Tale of Two Worlds</em> first opened in Frankfurt in November 2017 with a significant contribution from the Museo collection, breaking new ground for Latin American art: this is the first time that a European museum has allowed its collection to be examined by Latin American curators.</p>



<p>The exhibition begins by exploring the major upheavals of the 1940s, which shook the foundations of Latin American art, unleashing a powerful wave of experimentation in numerous cities across the continent. Then it moves on to examine how artists regarded their role in society and the transformative potential of art in contexts that were often ravaged by political violence. <em>A Tale of Two World</em>s thus seeks to encourage discussion of how different artists react to their socio-political environments.</p>



<p>Curated by Klaus Görner, Victoria Noorthoorn and Javier Villa</p>



<p></p>



<p>This exhibition at the Moderno will feature artworks by the following artists: Adolfo Bernal, Albert Georg Riethausen, Alberto Greco, Alberto Heredia, Aldo Sessa, Alejandro Puente, Alfredo Hlito, Alighiero Boetti, Ana Mendieta, Andy Warhol, Anna Maria Maiolino, Antonio Caro, Antonio Vigo, Arman, Arte Destructivo, Artur Bispo de Rosário, Artur Barrio, Augusto de Campos, Barry Le va, Beatriz González, Ben Vautier, Blinky Palermo, Bruce Nauman, Carmelo Arden Quin, Charlotte Posenenske, Cildo Meireles, Claes Oldenburg, Cy Twombly, David Lamelas, Eduardo Gil, Edward Ruscha, Escuela de Valparaíso, Flavio de Carvalho, Francis Bacon, Franz Erhard Walther, Franz Mon, Fred Sandback, Gego, Geraldo de Barros, Gerhard Richter, Gerry Schum, Grete Stern, Gyula Kosice, Heinz Kreutz, Hélio Oiticica, Hermann Goepffert, Jasper Johns, Jesús Ruiz Durand, John Chamberlain, Joseph Beuys, Juan del Prete, Juan Downey, Juan Melé, Juan Andrés Bello, Karl Otto Götz, Kenneth Kemble, Kenneth Noland, Lenora de Barros, León Ferrari, Leopoldo Maler, Lidy Prati, Liliana Maresca, Liliana Porter, Lothar Baumgarten, Lotty Rosenfeld, Lucio Fontana, Luis Camnitzer, Luis Felipe Noé, Luis Pazos, Lygia Clark, Lygia Pape, Manuel Millares, Marcel Broodthaers, Marcel Duchamp, Marcel Gautherot, Margarita Paksa, Marta Minujín, Martin Blaszko, Mathias Goeritz, Mira Schendel, Nicolás García Uriburu, On Kawara, Oscar Bony, Otto Greis, Pablo Suárez, Paul Almásy, Peter Roehr, Piero Manzoni, Raul Lozza, Rhod Rothfuss, Ricardo Carreira, Roy Lichtenstein, Rubén Santantonín, Teresa Burga, Thomas Bayrle, Thomas Farkas, Tomás Maldonado, Ulises Carrión, Víctor Grippo, Walter De Maria, Willys De Castro, Yente and Yves Klein</p>



<p><strong>BANCO CIUDAD FOUNDATION IS THE OFFICIAL SPONSOR OF THE HISTORY OF TWO WORLDS EXHIBITION.</strong></p>



<p><em>This exhibition is suppported by&nbsp;</em></p>



<figure class="wp-block-image size-large is-style-default"><img decoding="async" width="200" height="46" src="https://museomoderno.org/wp-content/uploads/2020/12/Logo-Mecenazgo-NUEVO.jpg" alt="" class="wp-image-471"/></figure>



<p></p>



<figure class="wp-block-gallery columns-4 is-cropped wp-block-gallery-1 is-layout-flex wp-block-gallery-is-layout-flex"><ul class="blocks-gallery-grid"><li class="blocks-gallery-item"><figure><a href="https://museomoderno.org/wp-content/uploads/2020/12/10.-Meireles-1024x766.jpg"><img fetchpriority="high" decoding="async" width="1024" height="766" src="https://museomoderno.org/wp-content/uploads/2020/12/10.-Meireles-1024x766.jpg" alt="" data-id="720" data-link="https://museomoderno.org/?attachment_id=720" class="wp-image-720" srcset="https://museomoderno.org/wp-content/uploads/2020/12/10.-Meireles-1024x766.jpg 1024w, https://museomoderno.org/wp-content/uploads/2020/12/10.-Meireles-300x224.jpg 300w, https://museomoderno.org/wp-content/uploads/2020/12/10.-Meireles-768x574.jpg 768w, https://museomoderno.org/wp-content/uploads/2020/12/10.-Meireles.jpg 1458w" sizes="(max-width: 1024px) 100vw, 1024px" /></a></figure></li><li class="blocks-gallery-item"><figure><a href="https://museomoderno.org/wp-content/uploads/2020/12/10-Noe_Imagen-Agonica-de-Dorrego_1961-1.jpg"><img decoding="async" width="768" height="1024" src="https://museomoderno.org/wp-content/uploads/2020/12/10-Noe_Imagen-Agonica-de-Dorrego_1961-1-768x1024.jpg" alt="" data-id="724" data-full-url="https://museomoderno.org/wp-content/uploads/2020/12/10-Noe_Imagen-Agonica-de-Dorrego_1961-1.jpg" data-link="https://museomoderno.org/?attachment_id=724" class="wp-image-724" srcset="https://museomoderno.org/wp-content/uploads/2020/12/10-Noe_Imagen-Agonica-de-Dorrego_1961-1-768x1024.jpg 768w, https://museomoderno.org/wp-content/uploads/2020/12/10-Noe_Imagen-Agonica-de-Dorrego_1961-1-225x300.jpg 225w, https://museomoderno.org/wp-content/uploads/2020/12/10-Noe_Imagen-Agonica-de-Dorrego_1961-1.jpg 883w" sizes="(max-width: 768px) 100vw, 768px" /></a></figure></li><li class="blocks-gallery-item"><figure><a href="https://museomoderno.org/wp-content/uploads/2020/12/51-Uriburu-Beuys-1.jpg"><img loading="lazy" decoding="async" width="768" height="1024" src="https://museomoderno.org/wp-content/uploads/2020/12/51-Uriburu-Beuys-1-768x1024.jpg" alt="" data-id="725" data-full-url="https://museomoderno.org/wp-content/uploads/2020/12/51-Uriburu-Beuys-1.jpg" data-link="https://museomoderno.org/?attachment_id=725" class="wp-image-725" srcset="https://museomoderno.org/wp-content/uploads/2020/12/51-Uriburu-Beuys-1-768x1024.jpg 768w, https://museomoderno.org/wp-content/uploads/2020/12/51-Uriburu-Beuys-1-225x300.jpg 225w, https://museomoderno.org/wp-content/uploads/2020/12/51-Uriburu-Beuys-1-1152x1536.jpg 1152w, https://museomoderno.org/wp-content/uploads/2020/12/51-Uriburu-Beuys-1.jpg 1500w" sizes="(max-width: 768px) 100vw, 768px" /></a></figure></li><li class="blocks-gallery-item"><figure><a href="https://museomoderno.org/wp-content/uploads/2020/12/66-Kemble_Gran-Pintura-Negra_1960-1.jpg"><img loading="lazy" decoding="async" width="1024" height="699" src="https://museomoderno.org/wp-content/uploads/2020/12/66-Kemble_Gran-Pintura-Negra_1960-1-1024x699.jpg" alt="" data-id="726" data-full-url="https://museomoderno.org/wp-content/uploads/2020/12/66-Kemble_Gran-Pintura-Negra_1960-1.jpg" data-link="https://museomoderno.org/?attachment_id=726" class="wp-image-726" srcset="https://museomoderno.org/wp-content/uploads/2020/12/66-Kemble_Gran-Pintura-Negra_1960-1-1024x699.jpg 1024w, https://museomoderno.org/wp-content/uploads/2020/12/66-Kemble_Gran-Pintura-Negra_1960-1-300x205.jpg 300w, https://museomoderno.org/wp-content/uploads/2020/12/66-Kemble_Gran-Pintura-Negra_1960-1-768x524.jpg 768w, https://museomoderno.org/wp-content/uploads/2020/12/66-Kemble_Gran-Pintura-Negra_1960-1.jpg 1500w" sizes="(max-width: 1024px) 100vw, 1024px" /></a></figure></li></ul></figure>



<p></p>

<p><b>Location:</b> All galleries</p>
<p><b>Artists:</b> Adolfo Bernal, Albert Georg Riethausen, Alberto Greco, Alberto Heredia, Aldo Sessa, Alejandro Puente, Alfredo Hlito, Alighiero Boetti, Ana Mendieta, Andy Warhol, Anna Maria Maiolino, Antonio Caro, Antonio Vigo, Arman, Arte Destructivo, Artur Bispo de Rosário, Artur Barrio, Augusto de Campos, Barry Le va, Beatriz González, Ben Vautier, Blinky Palermo, Bruce Nauman, Carmelo Arden Quin, Charlotte Posenenske, Cildo Meireles, Claes Oldenburg, Cy Twombly, David Lamelas, Eduardo Gil, Edward Ruscha, Escuela de Valparaíso, Flavio de Carvalho, Francis Bacon, Franz Erhard Walther, Franz Mon, Fred Sandback, Gego, Geraldo de Barros, Gerhard Richter, Gerry Schum, Grete Stern, Gyula Kosice, Heinz Kreutz, Hélio Oiticica, Hermann Goepffert, Jasper Johns, Jesús Ruiz Durand, John Chamberlain, Joseph Beuys, Juan del Prete, Juan Downey, Juan Melé, Juan Andrés Bello, Karl Otto Götz, Kenneth Kemble, Kenneth Noland, Lenora de Barros, León Ferrari, Leopoldo Maler, Lidy Prati, Liliana Maresca, Liliana Porter, Lothar Baumgarten, Lotty Rosenfeld, Lucio Fontana, Luis Camnitzer, Luis Felipe Noé, Luis Pazos, Lygia Clark, Lygia Pape, Manuel Millares, Marcel Broodthaers, Marcel Duchamp, Marcel Gautherot, Margarita Paksa, Marta Minujín, Martin Blaszko, Mathias Goeritz, Mira Schendel, Nicolás García Uriburu, On Kawara, Oscar Bony, Otto Greis, Pablo Suárez, Paul Almásy, Peter Roehr, Piero Manzoni, Raul Lozza, Rhod Rothfuss, Ricardo Carreira, Roy Lichtenstein, Rubén Santantonín, Teresa Burga, Thomas Bayrle, Thomas Farkas, Tomás Maldonado, Ulises Carrión, Víctor Grippo, Walter De Maria, Willys De Castro, Yente, Yves Klein</p>
