{"id":9443,"date":"2020-12-10T15:30:52","date_gmt":"2020-12-10T18:30:52","guid":{"rendered":"https:\/\/museomoderno.org\/exposiciones\/hernan-soriano-formar-mentalmente-una-maquina\/"},"modified":"2024-09-13T15:08:58","modified_gmt":"2024-09-13T18:08:58","slug":"hernan-soriano-formar-mentalmente-una-maquina","status":"publish","type":"exposiciones","link":"https:\/\/museomoderno.org\/en\/exhibitions\/hernan-soriano-formar-mentalmente-una-maquina\/","title":{"rendered":"Hern\u00e1n Soriano: How to Mentally Form a Machine"},"content":{"rendered":"\n<p>In the exhibition&nbsp;<em>How to Mentally Form a Machine<\/em>, Hern\u00e1n Soriano (Buenos Aires, 1978) presented his alterations of old books, photographs and a series of 19th century lithographs taken from La Ilustraci\u00f3n Art\u00edstica. Peri\u00f3dico Semanal de Literatura, Artes y Ciencias (Artistic Illustration. A Literature, Art and Science Weekly), a magazine published in Spain between 1882 and 1916. Images representing the foundations of modern thought are thus turned into vessels for the artist\u2019s imagination. Through a limited number of precise operations: duplication, cut outs and transfers, Soriano manipulates images of European painting, the pre-Rafaelites, landscapes and medieval religious imagery. Underlying each of these processes is the guiding concept of the \u2018copy\u2019 as a creative act. His interventions are surgical operations on the material of each medium that seek to poke holes through the images to release new meanings. A cut, the appearance of a colour or an unexpected volume bring the images into the present and insert them into new contexts, mediums and circuits, testing their ability to establish a dialogue with the present.<\/p>\n\n\n\n<p>Soriano seeks to horde knowledge. He obsessively, painstakingly learns new techniques and trades that allow him to make his ideas a reality. He researches every available option for transforming the objects that accumulate in his workshop, seeing himself as an archaeologist striving to uncover the structures hidden within the images: micro-histories that gather like layers of dust over time, creating a connection that stretches back to their original contexts.<\/p>\n\n\n\n<p>Bio<br>Hern\u00e1n Soriano was born in the City of Buenos Aires in 1978. He studied the Art Degree at the Escuela de Bellas Artes Prilidiano Pueyrred\u00f3n for two years and spent another two years at the Escuela de Dise\u00f1o y Comunicaci\u00f3n. He attended the art clinic given by Diana Aisenberg and Rafael Cippolini at the Centro Cultural Ricardo Rojas in 2006. In 2010, he received a grant from the Centro de Investigaciones Art\u00edsticas. Since 2004 he has been a member of the Provisorio-Permanente collective together with Victoriano Alonso, Eduardo T. Basualdo and Pedro Wainer.<\/p>\n\n\n\n<figure class=\"wp-block-gallery columns-3 is-cropped wp-block-gallery-1 is-layout-flex wp-block-gallery-is-layout-flex\"><ul class=\"blocks-gallery-grid\"><li class=\"blocks-gallery-item\"><figure><a href=\"https:\/\/museomoderno.org\/wp-content\/uploads\/2020\/12\/IMG_1070.jpg\"><img fetchpriority=\"high\" decoding=\"async\" width=\"1000\" height=\"667\" src=\"https:\/\/museomoderno.org\/wp-content\/uploads\/2020\/12\/IMG_1070.jpg\" alt=\"\" data-id=\"860\" data-full-url=\"https:\/\/museomoderno.org\/wp-content\/uploads\/2020\/12\/IMG_1070.jpg\" data-link=\"https:\/\/museomoderno.org\/?attachment_id=860\" class=\"wp-image-860\" srcset=\"https:\/\/museomoderno.org\/wp-content\/uploads\/2020\/12\/IMG_1070.jpg 1000w, https:\/\/museomoderno.org\/wp-content\/uploads\/2020\/12\/IMG_1070-300x200.jpg 300w, https:\/\/museomoderno.org\/wp-content\/uploads\/2020\/12\/IMG_1070-768x512.jpg 768w\" sizes=\"(max-width: 1000px) 100vw, 1000px\" \/><\/a><\/figure><\/li><li class=\"blocks-gallery-item\"><figure><a href=\"https:\/\/museomoderno.org\/wp-content\/uploads\/2020\/12\/DSC_1097_0.jpg\"><img decoding=\"async\" width=\"1000\" height=\"667\" src=\"https:\/\/museomoderno.org\/wp-content\/uploads\/2020\/12\/DSC_1097_0.jpg\" alt=\"\" data-id=\"861\" data-full-url=\"https:\/\/museomoderno.org\/wp-content\/uploads\/2020\/12\/DSC_1097_0.jpg\" data-link=\"https:\/\/museomoderno.org\/?attachment_id=861\" class=\"wp-image-861\" srcset=\"https:\/\/museomoderno.org\/wp-content\/uploads\/2020\/12\/DSC_1097_0.jpg 1000w, https:\/\/museomoderno.org\/wp-content\/uploads\/2020\/12\/DSC_1097_0-300x200.jpg 300w, https:\/\/museomoderno.org\/wp-content\/uploads\/2020\/12\/DSC_1097_0-768x512.jpg 768w\" sizes=\"(max-width: 1000px) 100vw, 1000px\" \/><\/a><\/figure><\/li><li class=\"blocks-gallery-item\"><figure><a href=\"https:\/\/museomoderno.org\/wp-content\/uploads\/2020\/12\/DSC_1138_0.jpg\"><img decoding=\"async\" width=\"1000\" height=\"667\" src=\"https:\/\/museomoderno.org\/wp-content\/uploads\/2020\/12\/DSC_1138_0.jpg\" alt=\"\" data-id=\"862\" data-full-url=\"https:\/\/museomoderno.org\/wp-content\/uploads\/2020\/12\/DSC_1138_0.jpg\" data-link=\"https:\/\/museomoderno.org\/?attachment_id=862\" class=\"wp-image-862\" srcset=\"https:\/\/museomoderno.org\/wp-content\/uploads\/2020\/12\/DSC_1138_0.jpg 1000w, https:\/\/museomoderno.org\/wp-content\/uploads\/2020\/12\/DSC_1138_0-300x200.jpg 300w, https:\/\/museomoderno.org\/wp-content\/uploads\/2020\/12\/DSC_1138_0-768x512.jpg 768w\" sizes=\"(max-width: 1000px) 100vw, 1000px\" \/><\/a><\/figure><\/li><\/ul><\/figure>\n","protected":false},"excerpt":{"rendered":"<p><b>Location:<\/b> First floor<\/p>\n","protected":false},"featured_media":9444,"template":"","class_list":["post-9443","exposiciones","type-exposiciones","status-publish","has-post-thumbnail","hentry"],"_links":{"self":[{"href":"https:\/\/museomoderno.org\/en\/wp-json\/wp\/v2\/exposiciones\/9443","targetHints":{"allow":["GET"]}}],"collection":[{"href":"https:\/\/museomoderno.org\/en\/wp-json\/wp\/v2\/exposiciones"}],"about":[{"href":"https:\/\/museomoderno.org\/en\/wp-json\/wp\/v2\/types\/exposiciones"}],"version-history":[{"count":2,"href":"https:\/\/museomoderno.org\/en\/wp-json\/wp\/v2\/exposiciones\/9443\/revisions"}],"predecessor-version":[{"id":46743,"href":"https:\/\/museomoderno.org\/en\/wp-json\/wp\/v2\/exposiciones\/9443\/revisions\/46743"}],"wp:featuredmedia":[{"embeddable":true,"href":"https:\/\/museomoderno.org\/en\/wp-json\/wp\/v2\/media\/9444"}],"wp:attachment":[{"href":"https:\/\/museomoderno.org\/en\/wp-json\/wp\/v2\/media?parent=9443"}],"curies":[{"name":"wp","href":"https:\/\/api.w.org\/{rel}","templated":true}]}}

Hernán Soriano: How to Mentally Form a Machine

<p>In the exhibition&nbsp;<em>How to Mentally Form a Machine</em>, Hernán Soriano (Buenos Aires, 1978) presented his alterations of old books, photographs and a series of 19th century lithographs taken from La Ilustración Artística. Periódico Semanal de Literatura, Artes y Ciencias (Artistic Illustration. A Literature, Art and Science Weekly), a magazine published in Spain between 1882 and 1916. Images representing the foundations of modern thought are thus turned into vessels for the artist’s imagination. Through a limited number of precise operations: duplication, cut outs and transfers, Soriano manipulates images of European painting, the pre-Rafaelites, landscapes and medieval religious imagery. Underlying each of these processes is the guiding concept of the ‘copy’ as a creative act. His interventions are surgical operations on the material of each medium that seek to poke holes through the images to release new meanings. A cut, the appearance of a colour or an unexpected volume bring the images into the present and insert them into new contexts, mediums and circuits, testing their ability to establish a dialogue with the present.</p>



<p>Soriano seeks to horde knowledge. He obsessively, painstakingly learns new techniques and trades that allow him to make his ideas a reality. He researches every available option for transforming the objects that accumulate in his workshop, seeing himself as an archaeologist striving to uncover the structures hidden within the images: micro-histories that gather like layers of dust over time, creating a connection that stretches back to their original contexts.</p>



<p>Bio<br>Hernán Soriano was born in the City of Buenos Aires in 1978. He studied the Art Degree at the Escuela de Bellas Artes Prilidiano Pueyrredón for two years and spent another two years at the Escuela de Diseño y Comunicación. He attended the art clinic given by Diana Aisenberg and Rafael Cippolini at the Centro Cultural Ricardo Rojas in 2006. In 2010, he received a grant from the Centro de Investigaciones Artísticas. Since 2004 he has been a member of the Provisorio-Permanente collective together with Victoriano Alonso, Eduardo T. Basualdo and Pedro Wainer.</p>



<figure class="wp-block-gallery columns-3 is-cropped wp-block-gallery-1 is-layout-flex wp-block-gallery-is-layout-flex"><ul class="blocks-gallery-grid"><li class="blocks-gallery-item"><figure><a href="https://museomoderno.org/wp-content/uploads/2020/12/IMG_1070.jpg"><img fetchpriority="high" decoding="async" width="1000" height="667" src="https://museomoderno.org/wp-content/uploads/2020/12/IMG_1070.jpg" alt="" data-id="860" data-full-url="https://museomoderno.org/wp-content/uploads/2020/12/IMG_1070.jpg" data-link="https://museomoderno.org/?attachment_id=860" class="wp-image-860" srcset="https://museomoderno.org/wp-content/uploads/2020/12/IMG_1070.jpg 1000w, https://museomoderno.org/wp-content/uploads/2020/12/IMG_1070-300x200.jpg 300w, https://museomoderno.org/wp-content/uploads/2020/12/IMG_1070-768x512.jpg 768w" sizes="(max-width: 1000px) 100vw, 1000px" /></a></figure></li><li class="blocks-gallery-item"><figure><a href="https://museomoderno.org/wp-content/uploads/2020/12/DSC_1097_0.jpg"><img decoding="async" width="1000" height="667" src="https://museomoderno.org/wp-content/uploads/2020/12/DSC_1097_0.jpg" alt="" data-id="861" data-full-url="https://museomoderno.org/wp-content/uploads/2020/12/DSC_1097_0.jpg" data-link="https://museomoderno.org/?attachment_id=861" class="wp-image-861" srcset="https://museomoderno.org/wp-content/uploads/2020/12/DSC_1097_0.jpg 1000w, https://museomoderno.org/wp-content/uploads/2020/12/DSC_1097_0-300x200.jpg 300w, https://museomoderno.org/wp-content/uploads/2020/12/DSC_1097_0-768x512.jpg 768w" sizes="(max-width: 1000px) 100vw, 1000px" /></a></figure></li><li class="blocks-gallery-item"><figure><a href="https://museomoderno.org/wp-content/uploads/2020/12/DSC_1138_0.jpg"><img decoding="async" width="1000" height="667" src="https://museomoderno.org/wp-content/uploads/2020/12/DSC_1138_0.jpg" alt="" data-id="862" data-full-url="https://museomoderno.org/wp-content/uploads/2020/12/DSC_1138_0.jpg" data-link="https://museomoderno.org/?attachment_id=862" class="wp-image-862" srcset="https://museomoderno.org/wp-content/uploads/2020/12/DSC_1138_0.jpg 1000w, https://museomoderno.org/wp-content/uploads/2020/12/DSC_1138_0-300x200.jpg 300w, https://museomoderno.org/wp-content/uploads/2020/12/DSC_1138_0-768x512.jpg 768w" sizes="(max-width: 1000px) 100vw, 1000px" /></a></figure></li></ul></figure>
