{"id":9264,"date":"2020-12-11T09:51:50","date_gmt":"2020-12-11T12:51:50","guid":{"rendered":"https:\/\/museomoderno.org\/exposiciones\/los-vencedores-y-los-vencidos\/"},"modified":"2024-09-13T16:11:03","modified_gmt":"2024-09-13T19:11:03","slug":"los-vencedores-y-los-vencidos","status":"publish","type":"exposiciones","link":"https:\/\/museomoderno.org\/en\/exhibitions\/los-vencedores-y-los-vencidos\/","title":{"rendered":"Winners and Losers: The Scars of Violence in the Collection of the Museo de Arte Moderno de Buenos Aires"},"content":{"rendered":"\n<p>The exhibition&nbsp;<em>Winners and Losers: the Scars of Violence in the Collection of the Museo de Arte Moderno de Buenos Aires<\/em>&nbsp;curated by Ana Mar\u00eda Battistozzi, featured<strong>&nbsp;fifty large format artworks by key artists from the history of Argentine art from the Museo de Arte Moderno collection<\/strong>.<\/p>\n\n\n\n<p>Whenever violence raises its ugly head over the political and social parapet, contemporary art, says the curator, resounds with myriad responses that express the general sense of fear, uncertainty and outrage. Sadly, such echoes have often appeared in Argentinian art and culture, reflecting specific historical and political events but also something deeper and more profound. In fact, it is possible to identify a continuum of explicit references, rhetorical strategies and artistic methodologies related to violence in Argentinian art from the past half-century.<\/p>\n\n\n\n<p>Works such as&nbsp;<em>Los vencedores<\/em>&nbsp;(The Winners), painted by Jorge de la Vega in 1961 and&nbsp;<em>Figuras&nbsp;<\/em>from 1960 by No\u00e9, who also participated in the group Otra figuraci\u00f3n (Another Configuration), can be seen as the starting point for a process that would go on to produce high voltage hits such as&nbsp;<em>El Parto<\/em>&nbsp;(The Birth) and&nbsp;<em>El San Mart\u00edn<\/em>&nbsp;by Alberto Heredia and&nbsp;<em>Crucifixi\u00f3n&nbsp;<\/em>by Norberto G\u00f3mez. Other works featured in this exhibition became indisputable landmarks in the history of art. They include:&nbsp;<em>El hacha&nbsp;<\/em>(The Axe) and the&nbsp;<em>Anteproyectos de C\u00e1rceles para artistas&nbsp;<\/em>(Anti-projects of Prisons for Artists) by Horacio Zabala, and&nbsp;<em>Violencia&nbsp;<\/em>(Violence) by Juan Carlos Romero, from 1972 and 1973;&nbsp;<em>Sombras del Sur y del Norte<\/em>&nbsp;(Shadows of the North and South) by Graciela Sacco and&nbsp;<em>Culpable e Inocente<\/em>&nbsp;(Guilty and Innocent) by Oscar Bony from the end of the 20th Century;&nbsp;<em>Cucarachas&nbsp;<\/em>(Cockroaches) by Le\u00f3n Ferrari and the series of&nbsp;<em>Mesadas&nbsp;<\/em>(Table-tops) by Cristina Piffer, which refer to the violence that broke out in 2001; plus other significant works such as the ironic<em>&nbsp;Kremlin y castigo&nbsp;<\/em>(Kremlin and Punishment) by Prior-Kuitca from 1983 and the more recent creations of Santiago Porter and Florencia Rodr\u00edguez Giles.<\/p>\n\n\n\n<p><strong>To read this important collection in terms of violence is to decipher its implications and allusions<\/strong>, and also to somehow achieve, through aesthetic and conceptual consideration of these artistic responses, an understanding of the events of the past that cast such a long shadow on the culture of the present.<\/p>\n\n\n\n<p>The exhibition also featured artworks by the following artists: Anank\u00e9 Assef, Ricardo Carpani, Diana Dowek, Nicol\u00e1s Garc\u00eda Uriburu, Alberto Greco, Nicol\u00e1s Guagnini, Enio Iommi, Guillermo Kuitca, Jorge Macchi, Rosal\u00eda Myriam Maguid, Nuna Mangiante, Hern\u00e1n Marina, Gian Paolo Minelli, Daniel Ontiveros, Margarita Paksa, Sandro Pereira, Duilio Pierri, Dalila Puzzovio, Silvia Rivas, Graciela Sacco, Antonio Segu\u00ed, Regina Silveira, Gabriel Valansi, M\u00f3nica Van Asperen and Edgardo Antonio Vigo.<\/p>\n\n\n\n<figure class=\"wp-block-gallery columns-4 is-cropped wp-block-gallery-1 is-layout-flex wp-block-gallery-is-layout-flex\"><ul class=\"blocks-gallery-grid\"><li class=\"blocks-gallery-item\"><figure><a href=\"https:\/\/museomoderno.org\/wp-content\/uploads\/2020\/12\/IMG_7881-1024x683-1.jpg\"><img fetchpriority=\"high\" decoding=\"async\" width=\"1024\" height=\"683\" src=\"https:\/\/museomoderno.org\/wp-content\/uploads\/2020\/12\/IMG_7881-1024x683-1.jpg\" alt=\"\" data-id=\"1061\" data-full-url=\"https:\/\/museomoderno.org\/wp-content\/uploads\/2020\/12\/IMG_7881-1024x683-1.jpg\" data-link=\"https:\/\/museomoderno.org\/?attachment_id=1061\" class=\"wp-image-1061\" srcset=\"https:\/\/museomoderno.org\/wp-content\/uploads\/2020\/12\/IMG_7881-1024x683-1.jpg 1024w, https:\/\/museomoderno.org\/wp-content\/uploads\/2020\/12\/IMG_7881-1024x683-1-300x200.jpg 300w, https:\/\/museomoderno.org\/wp-content\/uploads\/2020\/12\/IMG_7881-1024x683-1-768x512.jpg 768w\" sizes=\"(max-width: 1024px) 100vw, 1024px\" \/><\/a><\/figure><\/li><li class=\"blocks-gallery-item\"><figure><a href=\"https:\/\/museomoderno.org\/wp-content\/uploads\/2020\/12\/IMG_7891-1024x683-1.jpg\"><img decoding=\"async\" width=\"1024\" height=\"683\" src=\"https:\/\/museomoderno.org\/wp-content\/uploads\/2020\/12\/IMG_7891-1024x683-1.jpg\" alt=\"\" data-id=\"1062\" data-full-url=\"https:\/\/museomoderno.org\/wp-content\/uploads\/2020\/12\/IMG_7891-1024x683-1.jpg\" data-link=\"https:\/\/museomoderno.org\/?attachment_id=1062\" class=\"wp-image-1062\" srcset=\"https:\/\/museomoderno.org\/wp-content\/uploads\/2020\/12\/IMG_7891-1024x683-1.jpg 1024w, https:\/\/museomoderno.org\/wp-content\/uploads\/2020\/12\/IMG_7891-1024x683-1-300x200.jpg 300w, https:\/\/museomoderno.org\/wp-content\/uploads\/2020\/12\/IMG_7891-1024x683-1-768x512.jpg 768w\" sizes=\"(max-width: 1024px) 100vw, 1024px\" \/><\/a><\/figure><\/li><li class=\"blocks-gallery-item\"><figure><a href=\"https:\/\/museomoderno.org\/wp-content\/uploads\/2020\/12\/IMG_7922-1024x683-1.jpg\"><img decoding=\"async\" width=\"1024\" height=\"683\" src=\"https:\/\/museomoderno.org\/wp-content\/uploads\/2020\/12\/IMG_7922-1024x683-1.jpg\" alt=\"\" data-id=\"1063\" data-full-url=\"https:\/\/museomoderno.org\/wp-content\/uploads\/2020\/12\/IMG_7922-1024x683-1.jpg\" data-link=\"https:\/\/museomoderno.org\/?attachment_id=1063\" class=\"wp-image-1063\" srcset=\"https:\/\/museomoderno.org\/wp-content\/uploads\/2020\/12\/IMG_7922-1024x683-1.jpg 1024w, https:\/\/museomoderno.org\/wp-content\/uploads\/2020\/12\/IMG_7922-1024x683-1-300x200.jpg 300w, https:\/\/museomoderno.org\/wp-content\/uploads\/2020\/12\/IMG_7922-1024x683-1-768x512.jpg 768w\" sizes=\"(max-width: 1024px) 100vw, 1024px\" \/><\/a><\/figure><\/li><li class=\"blocks-gallery-item\"><figure><a href=\"https:\/\/museomoderno.org\/wp-content\/uploads\/2020\/12\/IMG_7933-1024x683_0.jpg\"><img loading=\"lazy\" decoding=\"async\" width=\"1024\" height=\"683\" src=\"https:\/\/museomoderno.org\/wp-content\/uploads\/2020\/12\/IMG_7933-1024x683_0.jpg\" alt=\"\" data-id=\"1064\" data-full-url=\"https:\/\/museomoderno.org\/wp-content\/uploads\/2020\/12\/IMG_7933-1024x683_0.jpg\" data-link=\"https:\/\/museomoderno.org\/?attachment_id=1064\" class=\"wp-image-1064\" srcset=\"https:\/\/museomoderno.org\/wp-content\/uploads\/2020\/12\/IMG_7933-1024x683_0.jpg 1024w, https:\/\/museomoderno.org\/wp-content\/uploads\/2020\/12\/IMG_7933-1024x683_0-300x200.jpg 300w, https:\/\/museomoderno.org\/wp-content\/uploads\/2020\/12\/IMG_7933-1024x683_0-768x512.jpg 768w\" sizes=\"(max-width: 1024px) 100vw, 1024px\" \/><\/a><\/figure><\/li><\/ul><\/figure>\n","protected":false},"excerpt":{"rendered":"<p><b>Location:<\/b> Second floor<\/p>\n<p><b>Artists:<\/b> Anank\u00e9 Assef, Ricardo Carpani, Diana Dowek, Nicol\u00e1s Garc\u00eda Uriburu, Alberto Greco, Nicol\u00e1s Guagnini, Enio Iommi, Guillermo Kuitca, Jorge Macchi, Rosal\u00eda Myriam Maguid, Nuna Mangiante, Hern\u00e1n Marina, Gian Paolo Minelli, Daniel Ontiveros, Margarita Paksa, Sandro Pereira, Duilio Pierri, Dalila Puzzovio, Silvia Rivas, Graciela Sacco, Antonio Segu\u00ed, Regina Silveira, Gabriel Valansi, M\u00f3nica Van Asperen, Edgardo Antonio Vigo<\/p>\n","protected":false},"featured_media":9265,"template":"","class_list":["post-9264","exposiciones","type-exposiciones","status-publish","has-post-thumbnail","hentry"],"_links":{"self":[{"href":"https:\/\/museomoderno.org\/en\/wp-json\/wp\/v2\/exposiciones\/9264","targetHints":{"allow":["GET"]}}],"collection":[{"href":"https:\/\/museomoderno.org\/en\/wp-json\/wp\/v2\/exposiciones"}],"about":[{"href":"https:\/\/museomoderno.org\/en\/wp-json\/wp\/v2\/types\/exposiciones"}],"version-history":[{"count":2,"href":"https:\/\/museomoderno.org\/en\/wp-json\/wp\/v2\/exposiciones\/9264\/revisions"}],"predecessor-version":[{"id":46800,"href":"https:\/\/museomoderno.org\/en\/wp-json\/wp\/v2\/exposiciones\/9264\/revisions\/46800"}],"wp:featuredmedia":[{"embeddable":true,"href":"https:\/\/museomoderno.org\/en\/wp-json\/wp\/v2\/media\/9265"}],"wp:attachment":[{"href":"https:\/\/museomoderno.org\/en\/wp-json\/wp\/v2\/media?parent=9264"}],"curies":[{"name":"wp","href":"https:\/\/api.w.org\/{rel}","templated":true}]}}

<p>The exhibition&nbsp;<em>Winners and Losers: the Scars of Violence in the Collection of the Museo de Arte Moderno de Buenos Aires</em>&nbsp;curated by Ana María Battistozzi, featured<strong>&nbsp;fifty large format artworks by key artists from the history of Argentine art from the Museo de Arte Moderno collection</strong>.</p>



<p>Whenever violence raises its ugly head over the political and social parapet, contemporary art, says the curator, resounds with myriad responses that express the general sense of fear, uncertainty and outrage. Sadly, such echoes have often appeared in Argentinian art and culture, reflecting specific historical and political events but also something deeper and more profound. In fact, it is possible to identify a continuum of explicit references, rhetorical strategies and artistic methodologies related to violence in Argentinian art from the past half-century.</p>



<p>Works such as&nbsp;<em>Los vencedores</em>&nbsp;(The Winners), painted by Jorge de la Vega in 1961 and&nbsp;<em>Figuras&nbsp;</em>from 1960 by Noé, who also participated in the group Otra figuración (Another Configuration), can be seen as the starting point for a process that would go on to produce high voltage hits such as&nbsp;<em>El Parto</em>&nbsp;(The Birth) and&nbsp;<em>El San Martín</em>&nbsp;by Alberto Heredia and&nbsp;<em>Crucifixión&nbsp;</em>by Norberto Gómez. Other works featured in this exhibition became indisputable landmarks in the history of art. They include:&nbsp;<em>El hacha&nbsp;</em>(The Axe) and the&nbsp;<em>Anteproyectos de Cárceles para artistas&nbsp;</em>(Anti-projects of Prisons for Artists) by Horacio Zabala, and&nbsp;<em>Violencia&nbsp;</em>(Violence) by Juan Carlos Romero, from 1972 and 1973;&nbsp;<em>Sombras del Sur y del Norte</em>&nbsp;(Shadows of the North and South) by Graciela Sacco and&nbsp;<em>Culpable e Inocente</em>&nbsp;(Guilty and Innocent) by Oscar Bony from the end of the 20th Century;&nbsp;<em>Cucarachas&nbsp;</em>(Cockroaches) by León Ferrari and the series of&nbsp;<em>Mesadas&nbsp;</em>(Table-tops) by Cristina Piffer, which refer to the violence that broke out in 2001; plus other significant works such as the ironic<em>&nbsp;Kremlin y castigo&nbsp;</em>(Kremlin and Punishment) by Prior-Kuitca from 1983 and the more recent creations of Santiago Porter and Florencia Rodríguez Giles.</p>



<p><strong>To read this important collection in terms of violence is to decipher its implications and allusions</strong>, and also to somehow achieve, through aesthetic and conceptual consideration of these artistic responses, an understanding of the events of the past that cast such a long shadow on the culture of the present.</p>



<p>The exhibition also featured artworks by the following artists: Ananké Assef, Ricardo Carpani, Diana Dowek, Nicolás García Uriburu, Alberto Greco, Nicolás Guagnini, Enio Iommi, Guillermo Kuitca, Jorge Macchi, Rosalía Myriam Maguid, Nuna Mangiante, Hernán Marina, Gian Paolo Minelli, Daniel Ontiveros, Margarita Paksa, Sandro Pereira, Duilio Pierri, Dalila Puzzovio, Silvia Rivas, Graciela Sacco, Antonio Seguí, Regina Silveira, Gabriel Valansi, Mónica Van Asperen and Edgardo Antonio Vigo.</p>



<figure class="wp-block-gallery columns-4 is-cropped wp-block-gallery-1 is-layout-flex wp-block-gallery-is-layout-flex"><ul class="blocks-gallery-grid"><li class="blocks-gallery-item"><figure><a href="https://museomoderno.org/wp-content/uploads/2020/12/IMG_7881-1024x683-1.jpg"><img fetchpriority="high" decoding="async" width="1024" height="683" src="https://museomoderno.org/wp-content/uploads/2020/12/IMG_7881-1024x683-1.jpg" alt="" data-id="1061" data-full-url="https://museomoderno.org/wp-content/uploads/2020/12/IMG_7881-1024x683-1.jpg" data-link="https://museomoderno.org/?attachment_id=1061" class="wp-image-1061" srcset="https://museomoderno.org/wp-content/uploads/2020/12/IMG_7881-1024x683-1.jpg 1024w, https://museomoderno.org/wp-content/uploads/2020/12/IMG_7881-1024x683-1-300x200.jpg 300w, https://museomoderno.org/wp-content/uploads/2020/12/IMG_7881-1024x683-1-768x512.jpg 768w" sizes="(max-width: 1024px) 100vw, 1024px" /></a></figure></li><li class="blocks-gallery-item"><figure><a href="https://museomoderno.org/wp-content/uploads/2020/12/IMG_7891-1024x683-1.jpg"><img decoding="async" width="1024" height="683" src="https://museomoderno.org/wp-content/uploads/2020/12/IMG_7891-1024x683-1.jpg" alt="" data-id="1062" data-full-url="https://museomoderno.org/wp-content/uploads/2020/12/IMG_7891-1024x683-1.jpg" data-link="https://museomoderno.org/?attachment_id=1062" class="wp-image-1062" srcset="https://museomoderno.org/wp-content/uploads/2020/12/IMG_7891-1024x683-1.jpg 1024w, https://museomoderno.org/wp-content/uploads/2020/12/IMG_7891-1024x683-1-300x200.jpg 300w, https://museomoderno.org/wp-content/uploads/2020/12/IMG_7891-1024x683-1-768x512.jpg 768w" sizes="(max-width: 1024px) 100vw, 1024px" /></a></figure></li><li class="blocks-gallery-item"><figure><a href="https://museomoderno.org/wp-content/uploads/2020/12/IMG_7922-1024x683-1.jpg"><img decoding="async" width="1024" height="683" src="https://museomoderno.org/wp-content/uploads/2020/12/IMG_7922-1024x683-1.jpg" alt="" data-id="1063" data-full-url="https://museomoderno.org/wp-content/uploads/2020/12/IMG_7922-1024x683-1.jpg" data-link="https://museomoderno.org/?attachment_id=1063" class="wp-image-1063" srcset="https://museomoderno.org/wp-content/uploads/2020/12/IMG_7922-1024x683-1.jpg 1024w, https://museomoderno.org/wp-content/uploads/2020/12/IMG_7922-1024x683-1-300x200.jpg 300w, https://museomoderno.org/wp-content/uploads/2020/12/IMG_7922-1024x683-1-768x512.jpg 768w" sizes="(max-width: 1024px) 100vw, 1024px" /></a></figure></li><li class="blocks-gallery-item"><figure><a href="https://museomoderno.org/wp-content/uploads/2020/12/IMG_7933-1024x683_0.jpg"><img loading="lazy" decoding="async" width="1024" height="683" src="https://museomoderno.org/wp-content/uploads/2020/12/IMG_7933-1024x683_0.jpg" alt="" data-id="1064" data-full-url="https://museomoderno.org/wp-content/uploads/2020/12/IMG_7933-1024x683_0.jpg" data-link="https://museomoderno.org/?attachment_id=1064" class="wp-image-1064" srcset="https://museomoderno.org/wp-content/uploads/2020/12/IMG_7933-1024x683_0.jpg 1024w, https://museomoderno.org/wp-content/uploads/2020/12/IMG_7933-1024x683_0-300x200.jpg 300w, https://museomoderno.org/wp-content/uploads/2020/12/IMG_7933-1024x683_0-768x512.jpg 768w" sizes="(max-width: 1024px) 100vw, 1024px" /></a></figure></li></ul></figure>

<p><b>Location:</b> Second floor</p>
<p><b>Artists:</b> Ananké Assef, Ricardo Carpani, Diana Dowek, Nicolás García Uriburu, Alberto Greco, Nicolás Guagnini, Enio Iommi, Guillermo Kuitca, Jorge Macchi, Rosalía Myriam Maguid, Nuna Mangiante, Hernán Marina, Gian Paolo Minelli, Daniel Ontiveros, Margarita Paksa, Sandro Pereira, Duilio Pierri, Dalila Puzzovio, Silvia Rivas, Graciela Sacco, Antonio Seguí, Regina Silveira, Gabriel Valansi, Mónica Van Asperen, Edgardo Antonio Vigo</p>
