{"id":9254,"date":"2020-12-11T09:58:33","date_gmt":"2020-12-11T12:58:33","guid":{"rendered":"https:\/\/museomoderno.org\/exposiciones\/performaton-palabras-objetos-esoterismo-escena\/"},"modified":"2024-09-13T16:13:06","modified_gmt":"2024-09-13T19:13:06","slug":"performaton-palabras-objetos-esoterismo-escena","status":"publish","type":"exposiciones","link":"https:\/\/museomoderno.org\/en\/exhibitions\/performaton-palabras-objetos-esoterismo-escena\/","title":{"rendered":"Performathon. Words. Objects. The Esoteric. Stage."},"content":{"rendered":"\n<p>The Museo de Arte Moderno de Buenos Aires presented&nbsp;<em>Performathon<\/em>, a marathon of summer performances: a series of tests, experiments, projects, talks, videos, and historical and contemporary archival documentation hosted in the Museum\u2019s second floor gallery and the surrounding area.<\/p>\n\n\n\n<p>The cycle explored four main areas: 1)&nbsp;<strong>The Word<\/strong>: with different formats such as political discourse, art conferences, television, and oral and written narratives; 2)&nbsp;<strong>The Object<\/strong>: body-driven sculpture and the relationship between painting and performance; 3)&nbsp;<strong>The Esoteric<\/strong>, including astrology, exorcism, tarot and dream machine sessions; and 4)&nbsp;<strong>The Stage<\/strong>, the relationship between theatre and contemporary art, cross-dressing, catwalks and parties.<\/p>\n\n\n\n<p><em>Performathon<\/em>&nbsp;was a flexible cycle in which some artists started off the marathon and others joined it as it went on. The exhibition design adapted to fit each situation, but always used the same elements: the Museum\u2019s pedestals, display cases and other exhibition-related resources provided a foundation and different technologies were used by artists and curators according to the needs of the moment.<\/p>\n\n\n\n<p>The following artists began each area:<\/p>\n\n\n\n<p>1) The Word. Video: Federico Jorge Klemm, Federico Manuel Peralta Ramos, Marta Traba and Liv Schulman. Participating with live performances: Zoe Di Rienzo, Ra\u00fal Escari, Lux Lindner, Diego Melero, Alfredo Prior and Liv Schulman.<\/p>\n\n\n\n<p>2) The Object. Video: Diego Bianchi and Luis Garay, Eugenia Calvo, Eduardo Costa, Marcelo Galindo, Carlos Herrera, Ariadna Pastorini and Sebasti\u00e1n Linero, Rosa Chancho and Rosario Zorraqu\u00edn. Participating with live performances: Os\u00edas Yanov, Luis Garay, Sof\u00eda Bothglink and Florencia Vecino. Talks: Diego Bianchi, Luis Garay and Eduardo Costa.<\/p>\n\n\n\n<p>3) The Esoteric. Video: Victoria Colmegna, Liliana Maresca and Marta Minuj\u00edn. Participating with live performances: Victoria Colmegna and Roberto Conlazzo.<\/p>\n\n\n\n<p>4) The Stage. Video: Miguel Abuelo, Batato Barea, Sergio De Loof, Mauro Guzman and Vivi Tellas. Participating with a live performance: Dani Umpi and Nicanor Ar\u00e1oz.<\/p>\n\n\n\n<figure class=\"wp-block-gallery columns-3 is-cropped wp-block-gallery-1 is-layout-flex wp-block-gallery-is-layout-flex\"><ul class=\"blocks-gallery-grid\"><li class=\"blocks-gallery-item\"><figure><a href=\"https:\/\/museomoderno.org\/wp-content\/uploads\/2020\/12\/DSC00858-1280x720-1.jpg\"><img fetchpriority=\"high\" decoding=\"async\" width=\"1024\" height=\"576\" src=\"https:\/\/museomoderno.org\/wp-content\/uploads\/2020\/12\/DSC00858-1280x720-1-1024x576.jpg\" alt=\"\" data-id=\"1074\" data-full-url=\"https:\/\/museomoderno.org\/wp-content\/uploads\/2020\/12\/DSC00858-1280x720-1.jpg\" data-link=\"https:\/\/museomoderno.org\/?attachment_id=1074\" class=\"wp-image-1074\" srcset=\"https:\/\/museomoderno.org\/wp-content\/uploads\/2020\/12\/DSC00858-1280x720-1-1024x576.jpg 1024w, https:\/\/museomoderno.org\/wp-content\/uploads\/2020\/12\/DSC00858-1280x720-1-300x169.jpg 300w, https:\/\/museomoderno.org\/wp-content\/uploads\/2020\/12\/DSC00858-1280x720-1-768x432.jpg 768w, https:\/\/museomoderno.org\/wp-content\/uploads\/2020\/12\/DSC00858-1280x720-1.jpg 1280w\" sizes=\"(max-width: 1024px) 100vw, 1024px\" \/><\/a><\/figure><\/li><li class=\"blocks-gallery-item\"><figure><a href=\"https:\/\/museomoderno.org\/wp-content\/uploads\/2020\/12\/DSC00859-1280x720-1.jpg\"><img decoding=\"async\" width=\"1024\" height=\"576\" src=\"https:\/\/museomoderno.org\/wp-content\/uploads\/2020\/12\/DSC00859-1280x720-1-1024x576.jpg\" alt=\"\" data-id=\"1075\" data-full-url=\"https:\/\/museomoderno.org\/wp-content\/uploads\/2020\/12\/DSC00859-1280x720-1.jpg\" data-link=\"https:\/\/museomoderno.org\/?attachment_id=1075\" class=\"wp-image-1075\" srcset=\"https:\/\/museomoderno.org\/wp-content\/uploads\/2020\/12\/DSC00859-1280x720-1-1024x576.jpg 1024w, https:\/\/museomoderno.org\/wp-content\/uploads\/2020\/12\/DSC00859-1280x720-1-300x169.jpg 300w, https:\/\/museomoderno.org\/wp-content\/uploads\/2020\/12\/DSC00859-1280x720-1-768x432.jpg 768w, https:\/\/museomoderno.org\/wp-content\/uploads\/2020\/12\/DSC00859-1280x720-1.jpg 1280w\" sizes=\"(max-width: 1024px) 100vw, 1024px\" \/><\/a><\/figure><\/li><li class=\"blocks-gallery-item\"><figure><a href=\"https:\/\/museomoderno.org\/wp-content\/uploads\/2020\/12\/DSC00869-1280x720-1.jpg\"><img decoding=\"async\" width=\"1024\" height=\"576\" src=\"https:\/\/museomoderno.org\/wp-content\/uploads\/2020\/12\/DSC00869-1280x720-1-1024x576.jpg\" alt=\"\" data-id=\"1076\" data-full-url=\"https:\/\/museomoderno.org\/wp-content\/uploads\/2020\/12\/DSC00869-1280x720-1.jpg\" data-link=\"https:\/\/museomoderno.org\/?attachment_id=1076\" class=\"wp-image-1076\" srcset=\"https:\/\/museomoderno.org\/wp-content\/uploads\/2020\/12\/DSC00869-1280x720-1-1024x576.jpg 1024w, https:\/\/museomoderno.org\/wp-content\/uploads\/2020\/12\/DSC00869-1280x720-1-300x169.jpg 300w, https:\/\/museomoderno.org\/wp-content\/uploads\/2020\/12\/DSC00869-1280x720-1-768x432.jpg 768w, https:\/\/museomoderno.org\/wp-content\/uploads\/2020\/12\/DSC00869-1280x720-1.jpg 1280w\" sizes=\"(max-width: 1024px) 100vw, 1024px\" \/><\/a><\/figure><\/li><\/ul><\/figure>\n","protected":false},"excerpt":{"rendered":"<p><b>Location:<\/b> Second floor<\/p>\n<p><b>Artists:<\/b> Miguel Abuelo, Nicanor Ar\u00e1oz, Batato Barea, Diego Bianchi, Sof\u00eda Bohtlingk, Eugenia Calvo, Rosa Chancho, Victoria Colmegna, Roberto Conlazo, Eduardo Costa, Sergio De Loof, Zoe Di Rienzo, Ra\u00fal Escari, Marcelo Galindo, Luis Garay, Mauro Guzm\u00e1n, Carlos Herrera, Federico Jorge Klemm, Lux Lindner, Diego Melero, Marta Minuj\u00edn, Ariadna Pastorini, Federico Manuel Peralta Ramos, Alfredo Portillos, Alfredo Prior, Liv Schulman, Vivi Tellas, Marta Traba, Dani Umpi, Florencia Vecino, Os\u00edas Yanov, Rosario Zorraqu\u00edn<\/p>\n","protected":false},"featured_media":9255,"template":"","class_list":["post-9254","exposiciones","type-exposiciones","status-publish","has-post-thumbnail","hentry"],"_links":{"self":[{"href":"https:\/\/museomoderno.org\/en\/wp-json\/wp\/v2\/exposiciones\/9254","targetHints":{"allow":["GET"]}}],"collection":[{"href":"https:\/\/museomoderno.org\/en\/wp-json\/wp\/v2\/exposiciones"}],"about":[{"href":"https:\/\/museomoderno.org\/en\/wp-json\/wp\/v2\/types\/exposiciones"}],"version-history":[{"count":2,"href":"https:\/\/museomoderno.org\/en\/wp-json\/wp\/v2\/exposiciones\/9254\/revisions"}],"predecessor-version":[{"id":46802,"href":"https:\/\/museomoderno.org\/en\/wp-json\/wp\/v2\/exposiciones\/9254\/revisions\/46802"}],"wp:featuredmedia":[{"embeddable":true,"href":"https:\/\/museomoderno.org\/en\/wp-json\/wp\/v2\/media\/9255"}],"wp:attachment":[{"href":"https:\/\/museomoderno.org\/en\/wp-json\/wp\/v2\/media?parent=9254"}],"curies":[{"name":"wp","href":"https:\/\/api.w.org\/{rel}","templated":true}]}}

<p>The Museo de Arte Moderno de Buenos Aires presented&nbsp;<em>Performathon</em>, a marathon of summer performances: a series of tests, experiments, projects, talks, videos, and historical and contemporary archival documentation hosted in the Museum’s second floor gallery and the surrounding area.</p>



<p>The cycle explored four main areas: 1)&nbsp;<strong>The Word</strong>: with different formats such as political discourse, art conferences, television, and oral and written narratives; 2)&nbsp;<strong>The Object</strong>: body-driven sculpture and the relationship between painting and performance; 3)&nbsp;<strong>The Esoteric</strong>, including astrology, exorcism, tarot and dream machine sessions; and 4)&nbsp;<strong>The Stage</strong>, the relationship between theatre and contemporary art, cross-dressing, catwalks and parties.</p>



<p><em>Performathon</em>&nbsp;was a flexible cycle in which some artists started off the marathon and others joined it as it went on. The exhibition design adapted to fit each situation, but always used the same elements: the Museum’s pedestals, display cases and other exhibition-related resources provided a foundation and different technologies were used by artists and curators according to the needs of the moment.</p>



<p>The following artists began each area:</p>



<p>1) The Word. Video: Federico Jorge Klemm, Federico Manuel Peralta Ramos, Marta Traba and Liv Schulman. Participating with live performances: Zoe Di Rienzo, Raúl Escari, Lux Lindner, Diego Melero, Alfredo Prior and Liv Schulman.</p>



<p>2) The Object. Video: Diego Bianchi and Luis Garay, Eugenia Calvo, Eduardo Costa, Marcelo Galindo, Carlos Herrera, Ariadna Pastorini and Sebastián Linero, Rosa Chancho and Rosario Zorraquín. Participating with live performances: Osías Yanov, Luis Garay, Sofía Bothglink and Florencia Vecino. Talks: Diego Bianchi, Luis Garay and Eduardo Costa.</p>



<p>3) The Esoteric. Video: Victoria Colmegna, Liliana Maresca and Marta Minujín. Participating with live performances: Victoria Colmegna and Roberto Conlazzo.</p>



<p>4) The Stage. Video: Miguel Abuelo, Batato Barea, Sergio De Loof, Mauro Guzman and Vivi Tellas. Participating with a live performance: Dani Umpi and Nicanor Aráoz.</p>



<figure class="wp-block-gallery columns-3 is-cropped wp-block-gallery-1 is-layout-flex wp-block-gallery-is-layout-flex"><ul class="blocks-gallery-grid"><li class="blocks-gallery-item"><figure><a href="https://museomoderno.org/wp-content/uploads/2020/12/DSC00858-1280x720-1.jpg"><img fetchpriority="high" decoding="async" width="1024" height="576" src="https://museomoderno.org/wp-content/uploads/2020/12/DSC00858-1280x720-1-1024x576.jpg" alt="" data-id="1074" data-full-url="https://museomoderno.org/wp-content/uploads/2020/12/DSC00858-1280x720-1.jpg" data-link="https://museomoderno.org/?attachment_id=1074" class="wp-image-1074" srcset="https://museomoderno.org/wp-content/uploads/2020/12/DSC00858-1280x720-1-1024x576.jpg 1024w, https://museomoderno.org/wp-content/uploads/2020/12/DSC00858-1280x720-1-300x169.jpg 300w, https://museomoderno.org/wp-content/uploads/2020/12/DSC00858-1280x720-1-768x432.jpg 768w, https://museomoderno.org/wp-content/uploads/2020/12/DSC00858-1280x720-1.jpg 1280w" sizes="(max-width: 1024px) 100vw, 1024px" /></a></figure></li><li class="blocks-gallery-item"><figure><a href="https://museomoderno.org/wp-content/uploads/2020/12/DSC00859-1280x720-1.jpg"><img decoding="async" width="1024" height="576" src="https://museomoderno.org/wp-content/uploads/2020/12/DSC00859-1280x720-1-1024x576.jpg" alt="" data-id="1075" data-full-url="https://museomoderno.org/wp-content/uploads/2020/12/DSC00859-1280x720-1.jpg" data-link="https://museomoderno.org/?attachment_id=1075" class="wp-image-1075" srcset="https://museomoderno.org/wp-content/uploads/2020/12/DSC00859-1280x720-1-1024x576.jpg 1024w, https://museomoderno.org/wp-content/uploads/2020/12/DSC00859-1280x720-1-300x169.jpg 300w, https://museomoderno.org/wp-content/uploads/2020/12/DSC00859-1280x720-1-768x432.jpg 768w, https://museomoderno.org/wp-content/uploads/2020/12/DSC00859-1280x720-1.jpg 1280w" sizes="(max-width: 1024px) 100vw, 1024px" /></a></figure></li><li class="blocks-gallery-item"><figure><a href="https://museomoderno.org/wp-content/uploads/2020/12/DSC00869-1280x720-1.jpg"><img decoding="async" width="1024" height="576" src="https://museomoderno.org/wp-content/uploads/2020/12/DSC00869-1280x720-1-1024x576.jpg" alt="" data-id="1076" data-full-url="https://museomoderno.org/wp-content/uploads/2020/12/DSC00869-1280x720-1.jpg" data-link="https://museomoderno.org/?attachment_id=1076" class="wp-image-1076" srcset="https://museomoderno.org/wp-content/uploads/2020/12/DSC00869-1280x720-1-1024x576.jpg 1024w, https://museomoderno.org/wp-content/uploads/2020/12/DSC00869-1280x720-1-300x169.jpg 300w, https://museomoderno.org/wp-content/uploads/2020/12/DSC00869-1280x720-1-768x432.jpg 768w, https://museomoderno.org/wp-content/uploads/2020/12/DSC00869-1280x720-1.jpg 1280w" sizes="(max-width: 1024px) 100vw, 1024px" /></a></figure></li></ul></figure>

<p><b>Location:</b> Second floor</p>
<p><b>Artists:</b> Miguel Abuelo, Nicanor Aráoz, Batato Barea, Diego Bianchi, Sofía Bohtlingk, Eugenia Calvo, Rosa Chancho, Victoria Colmegna, Roberto Conlazo, Eduardo Costa, Sergio De Loof, Zoe Di Rienzo, Raúl Escari, Marcelo Galindo, Luis Garay, Mauro Guzmán, Carlos Herrera, Federico Jorge Klemm, Lux Lindner, Diego Melero, Marta Minujín, Ariadna Pastorini, Federico Manuel Peralta Ramos, Alfredo Portillos, Alfredo Prior, Liv Schulman, Vivi Tellas, Marta Traba, Dani Umpi, Florencia Vecino, Osías Yanov, Rosario Zorraquín</p>
