{"id":9200,"date":"2020-12-11T10:36:30","date_gmt":"2020-12-11T13:36:30","guid":{"rendered":"https:\/\/museomoderno.org\/exposiciones\/argentina-lisergica-visiones-psicodelicas-en-la-coleccion-del-mamba\/"},"modified":"2024-09-13T16:15:22","modified_gmt":"2024-09-13T19:15:22","slug":"argentina-lisergica-visiones-psicodelicas-en-la-coleccion-del-mamba","status":"publish","type":"exposiciones","link":"https:\/\/museomoderno.org\/en\/exhibitions\/argentina-lisergica-visiones-psicodelicas-en-la-coleccion-del-mamba\/","title":{"rendered":"Psychedelic Argentina: Psychedelic Visions in the MAMBA Collection"},"content":{"rendered":"\n<p><strong>There is a National Psychedelia<\/strong>. This affirmation was the basis for a show of the MAMBA Collection, presenting a tour through the iconography and artistic scenes of another time:<strong>&nbsp;the extreme pop of the exuberant sixties and intense early seventies<\/strong>, placing a particular emphasis on its foundations (criollo surrealism, malleable geometry, local kinetic and light art, the omnipresent international vanguards) and its subsequent influence.<\/p>\n\n\n\n<p>Proposing an alternative to its historically countercultural narrative, in this exhibition psychedelia is presented as a mixture of different formal symptoms. It was initially called \u2018lisergic art\u2019 because it was the product of experimentation with hallucinogenic substances \u2013 especially the psychotropic effects of LSD \u2013 and on this occasion we reassess the materiality of its visions and ongoing morphologies:&nbsp;<strong>lines, textures, volumes&nbsp;<\/strong>as we&nbsp;<strong>trace the Psychedelia Gene through the past and present.<\/strong><\/p>\n\n\n\n<p>Graphic design, painting, collage, experimental cinema, sculpture, photography, etchings, objects, and industrial design from the Museum\u2019s collection all feature in the exhibition.<strong>&nbsp;Psychedelia is thus reconstructed in a quest to uncover its tricks, precursors and heritage.<\/strong><\/p>\n\n\n\n<p><strong>This exhibition featured artworks by:<\/strong> Roberto Aizenberg, Juan Andino, Pompeyo Audivert, Luis Fernando Benedit, Bandi Binder, Ricardo Blanco, Mildred Burton, Miguel Caride, Camelo Carr\u00e1, Juan Cavallero, Jorge de la Vega, Casimiro Domingo, Manuel Espinosa, Carlos Furman, Edgardo Gim\u00e9nez, Abdulio Giudici, Luis Gowland Moreno, Miguel Harte, Fabio Kacero, Bruno Janello, Julio Le Parc, Alfredo Londaibere, Eduardo Mac Entyre, R\u00f3mulo Macci\u00f3, Victor Magari\u00f1os, Mar\u00eda Martorell, Marta Minuj\u00edn, Oski, Aldo Paparella, Martha Peluffo, Rogelio Polesello, Marcelo Pombo, P\u00e9rez Celis, Omar Schilliro, Antonio Segu\u00ed, Carlos Silva, Oscar Smoje, Carlos Squirru, Juan Stoppani, Peter Van Artens and Xul Solar, among others.<\/p>\n\n\n\n<figure class=\"wp-block-gallery columns-3 is-cropped wp-block-gallery-1 is-layout-flex wp-block-gallery-is-layout-flex\"><ul class=\"blocks-gallery-grid\"><li class=\"blocks-gallery-item\"><figure><a href=\"https:\/\/museomoderno.org\/wp-content\/uploads\/2020\/12\/IMG_1247-1280x853-1.jpg\"><img fetchpriority=\"high\" decoding=\"async\" width=\"1024\" height=\"682\" src=\"https:\/\/museomoderno.org\/wp-content\/uploads\/2020\/12\/IMG_1247-1280x853-1-1024x682.jpg\" alt=\"\" data-id=\"1124\" data-full-url=\"https:\/\/museomoderno.org\/wp-content\/uploads\/2020\/12\/IMG_1247-1280x853-1.jpg\" data-link=\"https:\/\/museomoderno.org\/?attachment_id=1124\" class=\"wp-image-1124\" srcset=\"https:\/\/museomoderno.org\/wp-content\/uploads\/2020\/12\/IMG_1247-1280x853-1-1024x682.jpg 1024w, https:\/\/museomoderno.org\/wp-content\/uploads\/2020\/12\/IMG_1247-1280x853-1-300x200.jpg 300w, https:\/\/museomoderno.org\/wp-content\/uploads\/2020\/12\/IMG_1247-1280x853-1-768x512.jpg 768w, https:\/\/museomoderno.org\/wp-content\/uploads\/2020\/12\/IMG_1247-1280x853-1.jpg 1280w\" sizes=\"(max-width: 1024px) 100vw, 1024px\" \/><\/a><\/figure><\/li><li class=\"blocks-gallery-item\"><figure><a href=\"https:\/\/museomoderno.org\/wp-content\/uploads\/2020\/12\/IMG_1290argentinalisergica-josefinatommasi-1280x853-1.jpg\"><img decoding=\"async\" width=\"1024\" height=\"682\" src=\"https:\/\/museomoderno.org\/wp-content\/uploads\/2020\/12\/IMG_1290argentinalisergica-josefinatommasi-1280x853-1-1024x682.jpg\" alt=\"\" data-id=\"1125\" data-full-url=\"https:\/\/museomoderno.org\/wp-content\/uploads\/2020\/12\/IMG_1290argentinalisergica-josefinatommasi-1280x853-1.jpg\" data-link=\"https:\/\/museomoderno.org\/?attachment_id=1125\" class=\"wp-image-1125\" srcset=\"https:\/\/museomoderno.org\/wp-content\/uploads\/2020\/12\/IMG_1290argentinalisergica-josefinatommasi-1280x853-1-1024x682.jpg 1024w, https:\/\/museomoderno.org\/wp-content\/uploads\/2020\/12\/IMG_1290argentinalisergica-josefinatommasi-1280x853-1-300x200.jpg 300w, https:\/\/museomoderno.org\/wp-content\/uploads\/2020\/12\/IMG_1290argentinalisergica-josefinatommasi-1280x853-1-768x512.jpg 768w, https:\/\/museomoderno.org\/wp-content\/uploads\/2020\/12\/IMG_1290argentinalisergica-josefinatommasi-1280x853-1.jpg 1280w\" sizes=\"(max-width: 1024px) 100vw, 1024px\" \/><\/a><\/figure><\/li><li class=\"blocks-gallery-item\"><figure><a href=\"https:\/\/museomoderno.org\/wp-content\/uploads\/2020\/12\/IMG_3625argentinalisergica-josefinatommasi-1280x853-1.jpg\"><img decoding=\"async\" width=\"1024\" height=\"682\" src=\"https:\/\/museomoderno.org\/wp-content\/uploads\/2020\/12\/IMG_3625argentinalisergica-josefinatommasi-1280x853-1-1024x682.jpg\" alt=\"\" data-id=\"1126\" data-full-url=\"https:\/\/museomoderno.org\/wp-content\/uploads\/2020\/12\/IMG_3625argentinalisergica-josefinatommasi-1280x853-1.jpg\" data-link=\"https:\/\/museomoderno.org\/?attachment_id=1126\" class=\"wp-image-1126\" srcset=\"https:\/\/museomoderno.org\/wp-content\/uploads\/2020\/12\/IMG_3625argentinalisergica-josefinatommasi-1280x853-1-1024x682.jpg 1024w, https:\/\/museomoderno.org\/wp-content\/uploads\/2020\/12\/IMG_3625argentinalisergica-josefinatommasi-1280x853-1-300x200.jpg 300w, https:\/\/museomoderno.org\/wp-content\/uploads\/2020\/12\/IMG_3625argentinalisergica-josefinatommasi-1280x853-1-768x512.jpg 768w, https:\/\/museomoderno.org\/wp-content\/uploads\/2020\/12\/IMG_3625argentinalisergica-josefinatommasi-1280x853-1.jpg 1280w\" sizes=\"(max-width: 1024px) 100vw, 1024px\" \/><\/a><\/figure><\/li><\/ul><\/figure>\n","protected":false},"excerpt":{"rendered":"<p><b>Location:<\/b> First floor<\/p>\n<p><b>Artists:<\/b> Roberto Aizenberg, Juan Andino, Pompeyo Audivert, Luis Fernando Benedit, Bandi Binder, Ricardo Blanco, Mildred Burton, Miguel Caride, Camelo Carr\u00e1, Juan Cavallero, Jorge de la Vega, Casimiro Domingo, Manuel Espinosa, Carlos Furman, Edgardo Gim\u00e9nez, Abdulio Giudici, Luis Gowland Moreno, Miguel Harte, Fabio Kacero, Bruno Janello, Julio Le Parc, Alfredo Londaibere, Eduardo Mac Entyre, R\u00f3mulo Macci\u00f3, Victor Magari\u00f1os, Mar\u00eda Martorell, Marta Minuj\u00edn, Oski, Aldo Paparella, Martha Peluffo, Rogelio Polesello, Marcelo Pombo, P\u00e9rez Celis, Omar Schilliro, Antonio Segu\u00ed, Carlos Silva, Oscar Smoje, Carlos Squirru, Juan Stoppani, Peter Van Artens, Xul Solar<\/p>\n","protected":false},"featured_media":9201,"template":"","class_list":["post-9200","exposiciones","type-exposiciones","status-publish","has-post-thumbnail","hentry"],"_links":{"self":[{"href":"https:\/\/museomoderno.org\/en\/wp-json\/wp\/v2\/exposiciones\/9200","targetHints":{"allow":["GET"]}}],"collection":[{"href":"https:\/\/museomoderno.org\/en\/wp-json\/wp\/v2\/exposiciones"}],"about":[{"href":"https:\/\/museomoderno.org\/en\/wp-json\/wp\/v2\/types\/exposiciones"}],"version-history":[{"count":2,"href":"https:\/\/museomoderno.org\/en\/wp-json\/wp\/v2\/exposiciones\/9200\/revisions"}],"predecessor-version":[{"id":46806,"href":"https:\/\/museomoderno.org\/en\/wp-json\/wp\/v2\/exposiciones\/9200\/revisions\/46806"}],"wp:featuredmedia":[{"embeddable":true,"href":"https:\/\/museomoderno.org\/en\/wp-json\/wp\/v2\/media\/9201"}],"wp:attachment":[{"href":"https:\/\/museomoderno.org\/en\/wp-json\/wp\/v2\/media?parent=9200"}],"curies":[{"name":"wp","href":"https:\/\/api.w.org\/{rel}","templated":true}]}}

<p><strong>There is a National Psychedelia</strong>. This affirmation was the basis for a show of the MAMBA Collection, presenting a tour through the iconography and artistic scenes of another time:<strong>&nbsp;the extreme pop of the exuberant sixties and intense early seventies</strong>, placing a particular emphasis on its foundations (criollo surrealism, malleable geometry, local kinetic and light art, the omnipresent international vanguards) and its subsequent influence.</p>



<p>Proposing an alternative to its historically countercultural narrative, in this exhibition psychedelia is presented as a mixture of different formal symptoms. It was initially called ‘lisergic art’ because it was the product of experimentation with hallucinogenic substances – especially the psychotropic effects of LSD – and on this occasion we reassess the materiality of its visions and ongoing morphologies:&nbsp;<strong>lines, textures, volumes&nbsp;</strong>as we&nbsp;<strong>trace the Psychedelia Gene through the past and present.</strong></p>



<p>Graphic design, painting, collage, experimental cinema, sculpture, photography, etchings, objects, and industrial design from the Museum’s collection all feature in the exhibition.<strong>&nbsp;Psychedelia is thus reconstructed in a quest to uncover its tricks, precursors and heritage.</strong></p>



<p><strong>This exhibition featured artworks by:</strong> Roberto Aizenberg, Juan Andino, Pompeyo Audivert, Luis Fernando Benedit, Bandi Binder, Ricardo Blanco, Mildred Burton, Miguel Caride, Camelo Carrá, Juan Cavallero, Jorge de la Vega, Casimiro Domingo, Manuel Espinosa, Carlos Furman, Edgardo Giménez, Abdulio Giudici, Luis Gowland Moreno, Miguel Harte, Fabio Kacero, Bruno Janello, Julio Le Parc, Alfredo Londaibere, Eduardo Mac Entyre, Rómulo Macció, Victor Magariños, María Martorell, Marta Minujín, Oski, Aldo Paparella, Martha Peluffo, Rogelio Polesello, Marcelo Pombo, Pérez Celis, Omar Schilliro, Antonio Seguí, Carlos Silva, Oscar Smoje, Carlos Squirru, Juan Stoppani, Peter Van Artens and Xul Solar, among others.</p>



<figure class="wp-block-gallery columns-3 is-cropped wp-block-gallery-1 is-layout-flex wp-block-gallery-is-layout-flex"><ul class="blocks-gallery-grid"><li class="blocks-gallery-item"><figure><a href="https://museomoderno.org/wp-content/uploads/2020/12/IMG_1247-1280x853-1.jpg"><img fetchpriority="high" decoding="async" width="1024" height="682" src="https://museomoderno.org/wp-content/uploads/2020/12/IMG_1247-1280x853-1-1024x682.jpg" alt="" data-id="1124" data-full-url="https://museomoderno.org/wp-content/uploads/2020/12/IMG_1247-1280x853-1.jpg" data-link="https://museomoderno.org/?attachment_id=1124" class="wp-image-1124" srcset="https://museomoderno.org/wp-content/uploads/2020/12/IMG_1247-1280x853-1-1024x682.jpg 1024w, https://museomoderno.org/wp-content/uploads/2020/12/IMG_1247-1280x853-1-300x200.jpg 300w, https://museomoderno.org/wp-content/uploads/2020/12/IMG_1247-1280x853-1-768x512.jpg 768w, https://museomoderno.org/wp-content/uploads/2020/12/IMG_1247-1280x853-1.jpg 1280w" sizes="(max-width: 1024px) 100vw, 1024px" /></a></figure></li><li class="blocks-gallery-item"><figure><a href="https://museomoderno.org/wp-content/uploads/2020/12/IMG_1290argentinalisergica-josefinatommasi-1280x853-1.jpg"><img decoding="async" width="1024" height="682" src="https://museomoderno.org/wp-content/uploads/2020/12/IMG_1290argentinalisergica-josefinatommasi-1280x853-1-1024x682.jpg" alt="" data-id="1125" data-full-url="https://museomoderno.org/wp-content/uploads/2020/12/IMG_1290argentinalisergica-josefinatommasi-1280x853-1.jpg" data-link="https://museomoderno.org/?attachment_id=1125" class="wp-image-1125" srcset="https://museomoderno.org/wp-content/uploads/2020/12/IMG_1290argentinalisergica-josefinatommasi-1280x853-1-1024x682.jpg 1024w, https://museomoderno.org/wp-content/uploads/2020/12/IMG_1290argentinalisergica-josefinatommasi-1280x853-1-300x200.jpg 300w, https://museomoderno.org/wp-content/uploads/2020/12/IMG_1290argentinalisergica-josefinatommasi-1280x853-1-768x512.jpg 768w, https://museomoderno.org/wp-content/uploads/2020/12/IMG_1290argentinalisergica-josefinatommasi-1280x853-1.jpg 1280w" sizes="(max-width: 1024px) 100vw, 1024px" /></a></figure></li><li class="blocks-gallery-item"><figure><a href="https://museomoderno.org/wp-content/uploads/2020/12/IMG_3625argentinalisergica-josefinatommasi-1280x853-1.jpg"><img decoding="async" width="1024" height="682" src="https://museomoderno.org/wp-content/uploads/2020/12/IMG_3625argentinalisergica-josefinatommasi-1280x853-1-1024x682.jpg" alt="" data-id="1126" data-full-url="https://museomoderno.org/wp-content/uploads/2020/12/IMG_3625argentinalisergica-josefinatommasi-1280x853-1.jpg" data-link="https://museomoderno.org/?attachment_id=1126" class="wp-image-1126" srcset="https://museomoderno.org/wp-content/uploads/2020/12/IMG_3625argentinalisergica-josefinatommasi-1280x853-1-1024x682.jpg 1024w, https://museomoderno.org/wp-content/uploads/2020/12/IMG_3625argentinalisergica-josefinatommasi-1280x853-1-300x200.jpg 300w, https://museomoderno.org/wp-content/uploads/2020/12/IMG_3625argentinalisergica-josefinatommasi-1280x853-1-768x512.jpg 768w, https://museomoderno.org/wp-content/uploads/2020/12/IMG_3625argentinalisergica-josefinatommasi-1280x853-1.jpg 1280w" sizes="(max-width: 1024px) 100vw, 1024px" /></a></figure></li></ul></figure>

<p><b>Location:</b> First floor</p>
<p><b>Artists:</b> Roberto Aizenberg, Juan Andino, Pompeyo Audivert, Luis Fernando Benedit, Bandi Binder, Ricardo Blanco, Mildred Burton, Miguel Caride, Camelo Carrá, Juan Cavallero, Jorge de la Vega, Casimiro Domingo, Manuel Espinosa, Carlos Furman, Edgardo Giménez, Abdulio Giudici, Luis Gowland Moreno, Miguel Harte, Fabio Kacero, Bruno Janello, Julio Le Parc, Alfredo Londaibere, Eduardo Mac Entyre, Rómulo Macció, Victor Magariños, María Martorell, Marta Minujín, Oski, Aldo Paparella, Martha Peluffo, Rogelio Polesello, Marcelo Pombo, Pérez Celis, Omar Schilliro, Antonio Seguí, Carlos Silva, Oscar Smoje, Carlos Squirru, Juan Stoppani, Peter Van Artens, Xul Solar</p>
