{"id":57376,"date":"2026-01-06T14:55:11","date_gmt":"2026-01-06T17:55:11","guid":{"rendered":"https:\/\/museomoderno.org\/exposiciones\/luis-camnitzer-todo-por-aprender\/"},"modified":"2026-08-31T13:58:52","modified_gmt":"2026-08-31T16:58:52","slug":"luis-camnitzer-todo-por-aprender","status":"publish","type":"exposiciones","link":"https:\/\/museomoderno.org\/en\/exhibitions\/luis-camnitzer-todo-por-aprender\/","title":{"rendered":"Luis Camnitzer: Everything to Learn. The Resurrection of Sim\u00f3n Rodr\u00edguez"},"content":{"rendered":"\t\t<div data-elementor-type=\"wp-post\" data-elementor-id=\"57376\" class=\"elementor elementor-57376 elementor-56914\" data-elementor-post-type=\"exposiciones\">\n\t\t\t\t<div class=\"elementor-element elementor-element-214277c e-flex e-con-boxed e-con e-parent\" data-id=\"214277c\" data-element_type=\"container\" data-e-type=\"container\">\n\t\t\t\t\t<div class=\"e-con-inner\">\n\t\t\t\t<div class=\"elementor-element elementor-element-a2aa3e0 elementor-widget elementor-widget-text-editor\" data-id=\"a2aa3e0\" data-element_type=\"widget\" data-e-type=\"widget\" data-widget_type=\"text-editor.default\">\n\t\t\t\t<div class=\"elementor-widget-container\">\n\t\t\t\t\t\t\t\t\t<p><span style=\"font-weight: 400;\">The Museo Moderno presents Luis Camnitzer\u2019s most recent work. Since the 1960s, this great Uruguayan artist has developed practices closely linked to critical thinking, viewing art as a poetics that broadens the horizons of the known world and contributes to social change.<\/span><\/p><p><span style=\"font-weight: 400;\">The exhibition revisits the thought of Venezuelan philosopher and educator Sim\u00f3n Rodr\u00edguez (1769\u20131854), who was a mentor to Sim\u00f3n Bol\u00edvar and one of the driving forces behind popular education in Latin America. Rodr\u00edguez imagined a grassroots Enlightenment that aspired to form free individuals, that was geared to the needs of communities and was committed to building the new societies emerging from Independence. From Rodr\u00edguez Camnitzer has drawn inspiration to develop his own vision of the relationship between art and education: a practice capable of creating the conditions for Latin American peoples to govern themselves.<\/span><\/p><p><span style=\"font-weight: 400;\">In this exhibition, Camnitzer brings Rodr\u00edguez and his work into the present. Through the medium of artificial intelligence and s\u00e9ances, he constructs fictional dialogues between Rodr\u00edguez and other like-minded thinkers. Here artificial intelligence becomes a field of experimentation for exploring new forms of knowledge without making them an instrument to which we simply delegate our cognitive and sensory faculties. How can we use this technology without relinquishing our faculties of imagination and creativity?<\/span><\/p><p><span style=\"font-weight: 400;\">The exhibition also invites visitors to assay their own definitions of such concepts as democracy, freedom and justice with the incorporation of a work created by graduates of the Labard\u00e9n Vocational Art Institute. In this framework, the museum becomes an expanded classroom where art is a practice of mutual learning and collective construction of meanings.<\/span><\/p><p><b>Curation:<\/b><span style=\"font-weight: 400;\"> Alfredo Aracil<br \/><\/span><b>Exhibition Design:<\/b><span style=\"font-weight: 400;\"> Iv\u00e1n R\u00f6sler<br \/><\/span><b>Production:<\/b><span style=\"font-weight: 400;\"> Laura Rold\u00e1n<br \/><\/span><b>Installation Coordination:<\/b><span style=\"font-weight: 400;\"> Germ\u00e1n Sandoval<br \/><\/span><b>Technical Coordination:<\/b><span style=\"font-weight: 400;\"> Guillermo Carrasco<\/span><\/p>\t\t\t\t\t\t\t\t<\/div>\n\t\t\t\t<\/div>\n\t\t\t\t\t<\/div>\n\t\t\t\t<\/div>\n\t\t\t\t<\/div>\n\t\t","protected":false},"excerpt":{"rendered":"<p><b>Location:<\/b> First floor (Gallery D)<\/p>\n","protected":false},"featured_media":57377,"template":"","categoria-de-exposiciones":[],"class_list":["post-57376","exposiciones","type-exposiciones","status-publish","has-post-thumbnail","hentry"],"_links":{"self":[{"href":"https:\/\/museomoderno.org\/en\/wp-json\/wp\/v2\/exposiciones\/57376","targetHints":{"allow":["GET"]}}],"collection":[{"href":"https:\/\/museomoderno.org\/en\/wp-json\/wp\/v2\/exposiciones"}],"about":[{"href":"https:\/\/museomoderno.org\/en\/wp-json\/wp\/v2\/types\/exposiciones"}],"version-history":[{"count":12,"href":"https:\/\/museomoderno.org\/en\/wp-json\/wp\/v2\/exposiciones\/57376\/revisions"}],"predecessor-version":[{"id":61498,"href":"https:\/\/museomoderno.org\/en\/wp-json\/wp\/v2\/exposiciones\/57376\/revisions\/61498"}],"wp:featuredmedia":[{"embeddable":true,"href":"https:\/\/museomoderno.org\/en\/wp-json\/wp\/v2\/media\/57377"}],"wp:attachment":[{"href":"https:\/\/museomoderno.org\/en\/wp-json\/wp\/v2\/media?parent=57376"}],"wp:term":[{"taxonomy":"categoria-de-exposiciones","embeddable":true,"href":"https:\/\/museomoderno.org\/en\/wp-json\/wp\/v2\/categoria-de-exposiciones?post=57376"}],"curies":[{"name":"wp","href":"https:\/\/api.w.org\/{rel}","templated":true}]}}

Luis Camnitzer: Everything to Learn. The Resurrection of Simón Rodríguez

<div data-elementor-type="wp-post" data-elementor-id="57376" class="elementor elementor-57376 elementor-56914" data-elementor-post-type="exposiciones">
				<div class="elementor-element elementor-element-214277c e-flex e-con-boxed e-con e-parent" data-id="214277c" data-element_type="container" data-e-type="container">
					<div class="e-con-inner">
				<div class="elementor-element elementor-element-a2aa3e0 elementor-widget elementor-widget-text-editor" data-id="a2aa3e0" data-element_type="widget" data-e-type="widget" data-widget_type="text-editor.default">
				<div class="elementor-widget-container">
									<p><span style="font-weight: 400;">The Museo Moderno presents Luis Camnitzer’s most recent work. Since the 1960s, this great Uruguayan artist has developed practices closely linked to critical thinking, viewing art as a poetics that broadens the horizons of the known world and contributes to social change.</span></p><p><span style="font-weight: 400;">The exhibition revisits the thought of Venezuelan philosopher and educator Simón Rodríguez (1769–1854), who was a mentor to Simón Bolívar and one of the driving forces behind popular education in Latin America. Rodríguez imagined a grassroots Enlightenment that aspired to form free individuals, that was geared to the needs of communities and was committed to building the new societies emerging from Independence. From Rodríguez Camnitzer has drawn inspiration to develop his own vision of the relationship between art and education: a practice capable of creating the conditions for Latin American peoples to govern themselves.</span></p><p><span style="font-weight: 400;">In this exhibition, Camnitzer brings Rodríguez and his work into the present. Through the medium of artificial intelligence and séances, he constructs fictional dialogues between Rodríguez and other like-minded thinkers. Here artificial intelligence becomes a field of experimentation for exploring new forms of knowledge without making them an instrument to which we simply delegate our cognitive and sensory faculties. How can we use this technology without relinquishing our faculties of imagination and creativity?</span></p><p><span style="font-weight: 400;">The exhibition also invites visitors to assay their own definitions of such concepts as democracy, freedom and justice with the incorporation of a work created by graduates of the Labardén Vocational Art Institute. In this framework, the museum becomes an expanded classroom where art is a practice of mutual learning and collective construction of meanings.</span></p><p><b>Curation:</b><span style="font-weight: 400;"> Alfredo Aracil<br /></span><b>Exhibition Design:</b><span style="font-weight: 400;"> Iván Rösler<br /></span><b>Production:</b><span style="font-weight: 400;"> Laura Roldán<br /></span><b>Installation Coordination:</b><span style="font-weight: 400;"> Germán Sandoval<br /></span><b>Technical Coordination:</b><span style="font-weight: 400;"> Guillermo Carrasco</span></p>								</div>
				</div>
					</div>
				</div>
				</div>
