{"id":38781,"date":"2023-11-09T17:05:11","date_gmt":"2023-11-09T20:05:11","guid":{"rendered":"https:\/\/museomoderno.org\/artistas-federal\/retrato-itamar-hartavi-moderno-federal-jujuy\/"},"modified":"2023-11-09T17:06:14","modified_gmt":"2023-11-09T20:06:14","slug":"retrato-itamar-hartavi-moderno-federal-jujuy","status":"publish","type":"artistas-federal","link":"https:\/\/museomoderno.org\/en\/artistas-federal\/retrato-itamar-hartavi-moderno-federal-jujuy\/","title":{"rendered":"Retrato Itamar Hartavi &#8211; Moderno Federal: Jujuy"},"content":{"rendered":"\n<p><strong>Itamar Hartavi<\/strong>&nbsp;(Tel Aviv, Israel, 1984) creci\u00f3 en Buenos Aires y se form\u00f3 en la Universidad Nacional de las Artes (UNA) en la c\u00e1tedra Bissolino&nbsp;de Pintura en la que fue ayudante entre el 2007 y el 2013. Entre sus exposiciones individuales se destacan&nbsp;<em>Los cerros,&nbsp;<\/em>Galer\u00eda Sendr\u00f3s (2021) y&nbsp;<em>Hola soy yo,&nbsp;<\/em>Galer\u00eda Inmigrante(2012). De las exposiciones colectivas en que particip\u00f3 se destacan&nbsp;<em>Neo Futurismo Ancestral de Post Apocalipsis Vol. 1<\/em>, Galer\u00eda Remota (2022) y&nbsp;<em>Bellos Jueves<\/em>, Museo Nacional de Bellas Artes (2012). Desde el 2015 reside en Tilcara, Jujuy.<\/p>\n","protected":false},"template":"","categorias-de-moderno-federal":[],"class_list":["post-38781","artistas-federal","type-artistas-federal","status-publish","hentry"],"_links":{"self":[{"href":"https:\/\/museomoderno.org\/en\/wp-json\/wp\/v2\/artistas-federal\/38781","targetHints":{"allow":["GET"]}}],"collection":[{"href":"https:\/\/museomoderno.org\/en\/wp-json\/wp\/v2\/artistas-federal"}],"about":[{"href":"https:\/\/museomoderno.org\/en\/wp-json\/wp\/v2\/types\/artistas-federal"}],"version-history":[{"count":0,"href":"https:\/\/museomoderno.org\/en\/wp-json\/wp\/v2\/artistas-federal\/38781\/revisions"}],"wp:attachment":[{"href":"https:\/\/museomoderno.org\/en\/wp-json\/wp\/v2\/media?parent=38781"}],"wp:term":[{"taxonomy":"categorias-de-moderno-federal","embeddable":true,"href":"https:\/\/museomoderno.org\/en\/wp-json\/wp\/v2\/categorias-de-moderno-federal?post=38781"}],"curies":[{"name":"wp","href":"https:\/\/api.w.org\/{rel}","templated":true}]}}

<p><strong>Itamar Hartavi</strong>&nbsp;(Tel Aviv, Israel, 1984) creció en Buenos Aires y se formó en la Universidad Nacional de las Artes (UNA) en la cátedra Bissolino&nbsp;de Pintura en la que fue ayudante entre el 2007 y el 2013. Entre sus exposiciones individuales se destacan&nbsp;<em>Los cerros,&nbsp;</em>Galería Sendrós (2021) y&nbsp;<em>Hola soy yo,&nbsp;</em>Galería Inmigrante(2012). De las exposiciones colectivas en que participó se destacan&nbsp;<em>Neo Futurismo Ancestral de Post Apocalipsis Vol. 1</em>, Galería Remota (2022) y&nbsp;<em>Bellos Jueves</em>, Museo Nacional de Bellas Artes (2012). Desde el 2015 reside en Tilcara, Jujuy.</p>
