{"id":38772,"date":"2023-11-09T16:44:43","date_gmt":"2023-11-09T19:44:43","guid":{"rendered":"https:\/\/museomoderno.org\/artistas-federal\/retrato-ratona-colectivo-moderno-federal-ciudad-de-santa-fe\/"},"modified":"2023-11-09T16:47:55","modified_gmt":"2023-11-09T19:47:55","slug":"retrato-ratona-colectivo-moderno-federal-ciudad-de-santa-fe","status":"publish","type":"artistas-federal","link":"https:\/\/museomoderno.org\/en\/artistas-federal\/retrato-ratona-colectivo-moderno-federal-ciudad-de-santa-fe\/","title":{"rendered":"Portrait of Ratona Colectivo \u2013 Moderno Federal: City of Santa Fe"},"content":{"rendered":"\n<p><strong>Ratona Colectivo<\/strong>\u00a0was born in Santa Fe in September 2018 following a series of encounters which focused on debates and reflections about art. The members of the collective come from different disciplines: sociology, the visual arts, photography, museology, cinema, architecture and education. Their association is based on their shared experience as cultural residents and mediators at the Museo Provincial de Bellas Artes Ros Galisteo de Rodr\u00edguez (Santa Fe). The plurality of viewpoints that characterise the collective have allowed its members to expand their questioning of what is happening in the arts and in culture in general today and, particularly, in the Santa Fe art scene. Their work originated from their wish to find a means to express that which they are questioning in an artistic manner, initially in the form of installations. The members of the collective are Francisco Bergallo (1995), Mar\u00eda Bel\u00e9n Gar\u00f3falo (1993), Antonella Mecchia (1992), Juana Rondina (1998) and Pamela Silva (1993).<\/p>\n","protected":false},"template":"","categorias-de-moderno-federal":[],"class_list":["post-38772","artistas-federal","type-artistas-federal","status-publish","hentry"],"_links":{"self":[{"href":"https:\/\/museomoderno.org\/en\/wp-json\/wp\/v2\/artistas-federal\/38772","targetHints":{"allow":["GET"]}}],"collection":[{"href":"https:\/\/museomoderno.org\/en\/wp-json\/wp\/v2\/artistas-federal"}],"about":[{"href":"https:\/\/museomoderno.org\/en\/wp-json\/wp\/v2\/types\/artistas-federal"}],"version-history":[{"count":0,"href":"https:\/\/museomoderno.org\/en\/wp-json\/wp\/v2\/artistas-federal\/38772\/revisions"}],"wp:attachment":[{"href":"https:\/\/museomoderno.org\/en\/wp-json\/wp\/v2\/media?parent=38772"}],"wp:term":[{"taxonomy":"categorias-de-moderno-federal","embeddable":true,"href":"https:\/\/museomoderno.org\/en\/wp-json\/wp\/v2\/categorias-de-moderno-federal?post=38772"}],"curies":[{"name":"wp","href":"https:\/\/api.w.org\/{rel}","templated":true}]}}

<p><strong>Ratona Colectivo</strong> was born in Santa Fe in September 2018 following a series of encounters which focused on debates and reflections about art. The members of the collective come from different disciplines: sociology, the visual arts, photography, museology, cinema, architecture and education. Their association is based on their shared experience as cultural residents and mediators at the Museo Provincial de Bellas Artes Ros Galisteo de Rodríguez (Santa Fe). The plurality of viewpoints that characterise the collective have allowed its members to expand their questioning of what is happening in the arts and in culture in general today and, particularly, in the Santa Fe art scene. Their work originated from their wish to find a means to express that which they are questioning in an artistic manner, initially in the form of installations. The members of the collective are Francisco Bergallo (1995), María Belén Garófalo (1993), Antonella Mecchia (1992), Juana Rondina (1998) and Pamela Silva (1993).</p>
