{"id":38762,"date":"2023-11-09T16:30:57","date_gmt":"2023-11-09T19:30:57","guid":{"rendered":"https:\/\/museomoderno.org\/artistas-federal\/retrato-marcela-lopez-sastre-moderno-federal-salta\/"},"modified":"2023-11-09T16:32:44","modified_gmt":"2023-11-09T19:32:44","slug":"retrato-marcela-lopez-sastre-moderno-federal-salta","status":"publish","type":"artistas-federal","link":"https:\/\/museomoderno.org\/en\/artistas-federal\/retrato-marcela-lopez-sastre-moderno-federal-salta\/","title":{"rendered":"Portrait of Marcela L\u00f3pez Sastre &#8211; Moderno Federal: Salta"},"content":{"rendered":"\n<p><strong>Marcela L\u00f3pez Sastre\u00a0<\/strong>(Salta, 1975) finished secondary school in New York. She studied Social Communications at the Universidad Nacional de C\u00f3rdoba, where she undertook several self-managed projects related to the visual arts. She studied photography and worked in an art gallery in Barcelona between 2001 and 2003. In 2008, she received the H\u00edbrido y Puro Award for the 10th anniversary of the Centro Cultural Espa\u00f1a C\u00f3rdoba (CCEC) and was appointed curator of the Museo de Arte Contempor\u00e1neo (MAC) of Salta, where she worked until 2015. She is part of the 2018 cohort of the PhD in Arts at the Universidad Nacional de C\u00f3rdoba, where she is currently finishing her thesis on artistic and curatorial practices in self-managed projects. She has been director of the Museo Provincial de Bellas Artes de Salta since 2019.\u00a0<\/p>\n","protected":false},"template":"","categorias-de-moderno-federal":[],"class_list":["post-38762","artistas-federal","type-artistas-federal","status-publish","hentry"],"_links":{"self":[{"href":"https:\/\/museomoderno.org\/en\/wp-json\/wp\/v2\/artistas-federal\/38762","targetHints":{"allow":["GET"]}}],"collection":[{"href":"https:\/\/museomoderno.org\/en\/wp-json\/wp\/v2\/artistas-federal"}],"about":[{"href":"https:\/\/museomoderno.org\/en\/wp-json\/wp\/v2\/types\/artistas-federal"}],"version-history":[{"count":0,"href":"https:\/\/museomoderno.org\/en\/wp-json\/wp\/v2\/artistas-federal\/38762\/revisions"}],"wp:attachment":[{"href":"https:\/\/museomoderno.org\/en\/wp-json\/wp\/v2\/media?parent=38762"}],"wp:term":[{"taxonomy":"categorias-de-moderno-federal","embeddable":true,"href":"https:\/\/museomoderno.org\/en\/wp-json\/wp\/v2\/categorias-de-moderno-federal?post=38762"}],"curies":[{"name":"wp","href":"https:\/\/api.w.org\/{rel}","templated":true}]}}

Portrait of Marcela López Sastre &#8211; Moderno Federal: Salta

<p><strong>Marcela López Sastre </strong>(Salta, 1975) finished secondary school in New York. She studied Social Communications at the Universidad Nacional de Córdoba, where she undertook several self-managed projects related to the visual arts. She studied photography and worked in an art gallery in Barcelona between 2001 and 2003. In 2008, she received the Híbrido y Puro Award for the 10th anniversary of the Centro Cultural España Córdoba (CCEC) and was appointed curator of the Museo de Arte Contemporáneo (MAC) of Salta, where she worked until 2015. She is part of the 2018 cohort of the PhD in Arts at the Universidad Nacional de Córdoba, where she is currently finishing her thesis on artistic and curatorial practices in self-managed projects. She has been director of the Museo Provincial de Bellas Artes de Salta since 2019. </p>
